CRAN Package Check Results for Package ROpenWeatherMap

Last updated on 2023-01-28 16:51:29 CET.

Flavor Version Tinstall Tcheck Ttotal Status Flags
r-devel-linux-x86_64-debian-clang 1.1 2.84 28.39 31.23 NOTE
r-devel-linux-x86_64-debian-gcc 1.1 2.19 22.53 24.72 NOTE
r-devel-linux-x86_64-fedora-clang 1.1 40.80 NOTE
r-devel-linux-x86_64-fedora-gcc 1.1 41.85 NOTE
r-devel-windows-x86_64 1.1 8.00 55.00 63.00 NOTE
r-patched-linux-x86_64 1.1 2.96 28.84 31.80 NOTE
r-release-linux-x86_64 1.1 2.97 29.09 32.06 NOTE
r-release-macos-arm64 1.1 14.00 NOTE
r-release-macos-x86_64 1.1 25.00 NOTE
r-release-windows-x86_64 1.1 19.00 54.00 73.00 NOTE
r-oldrel-macos-arm64 1.1 19.00 NOTE
r-oldrel-macos-x86_64 1.1 26.00 NOTE
r-oldrel-windows-ix86+x86_64 1.1 6.00 52.00 58.00 NOTE

Check Details

Version: 1.1
Check: LazyData
Result: NOTE
     'LazyData' is specified without a 'data' directory
Flavors: r-devel-linux-x86_64-debian-clang, r-devel-linux-x86_64-debian-gcc, r-devel-linux-x86_64-fedora-clang, r-devel-linux-x86_64-fedora-gcc, r-devel-windows-x86_64, r-patched-linux-x86_64, r-release-linux-x86_64, r-release-macos-arm64, r-release-macos-x86_64, r-release-windows-x86_64, r-oldrel-macos-arm64, r-oldrel-macos-x86_64, r-oldrel-windows-ix86+x86_64