CRAN Package Check Results for Package ROpenWeatherMap

Last updated on 2024-03-01 06:52:54 CET.

Flavor Version Tinstall Tcheck Ttotal Status Flags
r-devel-linux-x86_64-debian-clang 1.1 2.57 29.12 31.69 NOTE
r-devel-linux-x86_64-debian-gcc 1.1 2.39 22.31 24.70 NOTE
r-devel-linux-x86_64-fedora-clang 1.1 40.63 NOTE
r-devel-linux-x86_64-fedora-gcc 1.1 37.36 NOTE
r-devel-windows-x86_64 1.1 3.00 44.00 47.00 NOTE
r-patched-linux-x86_64 1.1 2.82 28.38 31.20 NOTE
r-release-linux-x86_64 1.1 2.35 28.25 30.60 NOTE
r-release-macos-arm64 1.1 16.00 NOTE
r-release-macos-x86_64 1.1 22.00 NOTE
r-release-windows-x86_64 1.1 4.00 46.00 50.00 NOTE
r-oldrel-macos-arm64 1.1 14.00 NOTE
r-oldrel-windows-x86_64 1.1 4.00 47.00 51.00 NOTE

Check Details

Version: 1.1
Check: LazyData
Result: NOTE 'LazyData' is specified without a 'data' directory Flavors: r-devel-linux-x86_64-debian-clang, r-devel-linux-x86_64-debian-gcc, r-devel-linux-x86_64-fedora-clang, r-devel-linux-x86_64-fedora-gcc, r-devel-windows-x86_64, r-patched-linux-x86_64, r-release-linux-x86_64, r-release-macos-arm64, r-release-macos-x86_64, r-release-windows-x86_64, r-oldrel-macos-arm64, r-oldrel-windows-x86_64