CRAN Package Check Results for Package RRI

Last updated on 2022-05-19 10:55:55 CEST.

Flavor Version Tinstall Tcheck Ttotal Status Flags
r-devel-linux-x86_64-debian-clang 1.1 33.90 51.54 85.44 NOTE
r-devel-linux-x86_64-debian-gcc 1.1 26.98 38.36 65.34 NOTE
r-devel-linux-x86_64-fedora-clang 1.1 115.36 NOTE
r-devel-linux-x86_64-fedora-gcc 1.1 111.55 NOTE
r-devel-windows-x86_64 1.1 41.00 82.00 123.00 NOTE
r-patched-linux-x86_64 1.1 27.77 49.14 76.91 NOTE
r-release-linux-x86_64 1.1 29.21 49.94 79.15 NOTE
r-release-macos-arm64 1.1 31.00 NOTE
r-release-macos-x86_64 1.1 40.00 NOTE
r-release-windows-x86_64 1.1 39.00 87.00 126.00 NOTE
r-oldrel-macos-arm64 1.1 36.00 NOTE
r-oldrel-macos-x86_64 1.1 56.00 NOTE
r-oldrel-windows-ix86+x86_64 1.1 87.00 105.00 192.00 NOTE

Check Details

Version: 1.1
Check: LazyData
Result: NOTE
     'LazyData' is specified without a 'data' directory
Flavors: r-devel-linux-x86_64-debian-clang, r-devel-linux-x86_64-debian-gcc, r-devel-linux-x86_64-fedora-clang, r-devel-linux-x86_64-fedora-gcc, r-devel-windows-x86_64, r-patched-linux-x86_64, r-release-linux-x86_64, r-release-macos-arm64, r-release-macos-x86_64, r-release-windows-x86_64, r-oldrel-macos-arm64, r-oldrel-macos-x86_64, r-oldrel-windows-ix86+x86_64