Last updated on 2022-05-21 18:53:36 CEST.
Flavor | Version | Tinstall | Tcheck | Ttotal | Status | Flags |
---|---|---|---|---|---|---|
r-devel-linux-x86_64-debian-clang | 2.0.1 | 7.92 | 76.43 | 84.35 | NOTE | |
r-devel-linux-x86_64-debian-gcc | 2.0.1 | 6.43 | 58.70 | 65.13 | NOTE | |
r-devel-linux-x86_64-fedora-clang | 2.0.1 | 99.87 | OK | |||
r-devel-linux-x86_64-fedora-gcc | 2.0.1 | 103.59 | OK | |||
r-devel-windows-x86_64 | 2.0.1 | 16.00 | 96.00 | 112.00 | OK | |
r-patched-linux-x86_64 | 2.0.1 | 6.41 | 72.84 | 79.25 | OK | |
r-release-linux-x86_64 | 2.0.1 | 6.06 | 73.85 | 79.91 | OK | |
r-release-macos-arm64 | 2.0.1 | 30.00 | OK | |||
r-release-macos-x86_64 | 2.0.1 | 44.00 | OK | |||
r-release-windows-x86_64 | 2.0.1 | 20.00 | 96.00 | 116.00 | OK | |
r-oldrel-macos-arm64 | 2.0.1 | 40.00 | OK | |||
r-oldrel-macos-x86_64 | 2.0.1 | 42.00 | OK | |||
r-oldrel-windows-ix86+x86_64 | 2.0.1 | 22.00 | 116.00 | 138.00 | OK |
Version: 2.0.1
Check: HTML version of manual
Result: NOTE
Found the following problems:
rmad.Rd:129:38: Warning: nested emphasis <code>
rmad.Rd:136:38: Warning: nested emphasis <code>
Flavors: r-devel-linux-x86_64-debian-clang, r-devel-linux-x86_64-debian-gcc