Last updated on 2022-05-29 10:54:16 CEST.
Flavor | Version | Tinstall | Tcheck | Ttotal | Status | Flags |
---|---|---|---|---|---|---|
r-devel-linux-x86_64-debian-clang | 1.7.7 | 4.72 | 69.05 | 73.77 | NOTE | |
r-devel-linux-x86_64-debian-gcc | 1.7.7 | 5.01 | 53.97 | 58.98 | NOTE | |
r-devel-linux-x86_64-fedora-clang | 1.7.7 | 96.16 | NOTE | |||
r-devel-linux-x86_64-fedora-gcc | 1.7.7 | 90.30 | NOTE | |||
r-devel-windows-x86_64 | 1.7.7 | 53.00 | 100.00 | 153.00 | NOTE | |
r-patched-linux-x86_64 | 1.7.7 | 5.42 | 67.58 | 73.00 | NOTE | |
r-release-linux-x86_64 | 1.7.7 | 6.48 | 67.62 | 74.10 | NOTE | |
r-release-macos-arm64 | 1.7.7 | 51.00 | NOTE | |||
r-release-macos-x86_64 | 1.7.7 | 65.00 | NOTE | |||
r-release-windows-x86_64 | 1.7.7 | 64.00 | 100.00 | 164.00 | NOTE | |
r-oldrel-macos-arm64 | 1.7.7 | 39.00 | NOTE | |||
r-oldrel-macos-x86_64 | 1.7.7 | 50.00 | NOTE | |||
r-oldrel-windows-ix86+x86_64 | 1.7.7 | 15.00 | 86.00 | 101.00 | NOTE |
Version: 1.7.7
Check: package dependencies
Result: NOTE
Package suggested but not available for checking: 'Rcompression'
Flavors: r-devel-linux-x86_64-debian-clang, r-devel-linux-x86_64-debian-gcc, r-devel-linux-x86_64-fedora-clang, r-devel-linux-x86_64-fedora-gcc, r-devel-windows-x86_64, r-patched-linux-x86_64, r-release-linux-x86_64, r-release-macos-arm64, r-release-macos-x86_64, r-release-windows-x86_64, r-oldrel-macos-arm64, r-oldrel-macos-x86_64, r-oldrel-windows-ix86+x86_64
Version: 1.7.7
Check: LazyData
Result: NOTE
'LazyData' is specified without a 'data' directory
Flavors: r-devel-linux-x86_64-debian-clang, r-devel-linux-x86_64-debian-gcc, r-devel-linux-x86_64-fedora-clang, r-devel-linux-x86_64-fedora-gcc, r-devel-windows-x86_64, r-patched-linux-x86_64, r-release-linux-x86_64, r-release-macos-arm64, r-release-macos-x86_64, r-release-windows-x86_64, r-oldrel-macos-arm64, r-oldrel-macos-x86_64, r-oldrel-windows-ix86+x86_64
Version: 1.7.7
Check: dependencies in R code
Result: NOTE
Namespaces in Imports field not imported from:
‘binman’ ‘httr’
All declared Imports should be used.
Flavors: r-devel-linux-x86_64-fedora-clang, r-devel-linux-x86_64-fedora-gcc, r-release-macos-arm64, r-release-macos-x86_64, r-oldrel-macos-arm64, r-oldrel-macos-x86_64