Last updated on 2023-01-28 15:50:38 CET.
Flavor | Version | Tinstall | Tcheck | Ttotal | Status | Flags |
---|---|---|---|---|---|---|
r-devel-linux-x86_64-debian-clang | 0.1 | 3.58 | 37.47 | 41.05 | NOTE | |
r-devel-linux-x86_64-debian-gcc | 0.1 | 3.28 | 29.50 | 32.78 | NOTE | |
r-devel-linux-x86_64-fedora-clang | 0.1 | 55.10 | NOTE | |||
r-devel-linux-x86_64-fedora-gcc | 0.1 | 54.64 | NOTE | |||
r-devel-windows-x86_64 | 0.1 | 39.00 | 74.00 | 113.00 | NOTE | |
r-patched-linux-x86_64 | 0.1 | 4.09 | 35.36 | 39.45 | NOTE | |
r-release-linux-x86_64 | 0.1 | 3.76 | 34.79 | 38.55 | NOTE | |
r-release-macos-arm64 | 0.1 | 20.00 | NOTE | |||
r-release-macos-x86_64 | 0.1 | 29.00 | NOTE | |||
r-release-windows-x86_64 | 0.1 | 44.00 | 62.00 | 106.00 | NOTE | |
r-oldrel-macos-arm64 | 0.1 | 22.00 | NOTE | |||
r-oldrel-macos-x86_64 | 0.1 | 30.00 | NOTE | |||
r-oldrel-windows-ix86+x86_64 | 0.1 | 9.00 | 61.00 | 70.00 | NOTE |
Version: 0.1
Check: LazyData
Result: NOTE
'LazyData' is specified without a 'data' directory
Flavors: r-devel-linux-x86_64-debian-clang, r-devel-linux-x86_64-debian-gcc, r-devel-linux-x86_64-fedora-clang, r-devel-linux-x86_64-fedora-gcc, r-devel-windows-x86_64, r-patched-linux-x86_64, r-release-linux-x86_64, r-release-macos-arm64, r-release-macos-x86_64, r-release-windows-x86_64, r-oldrel-macos-arm64, r-oldrel-macos-x86_64, r-oldrel-windows-ix86+x86_64