Last updated on 2022-05-18 09:54:12 CEST.
Flavor | Version | Tinstall | Tcheck | Ttotal | Status | Flags |
---|---|---|---|---|---|---|
r-devel-linux-x86_64-debian-clang | 1.99.0 | 23.75 | 240.76 | 264.51 | OK | |
r-devel-linux-x86_64-debian-gcc | 1.99.0 | 19.63 | 179.90 | 199.53 | OK | |
r-devel-linux-x86_64-fedora-clang | 1.99.0 | 335.44 | OK | |||
r-devel-linux-x86_64-fedora-gcc | 1.99.0 | 338.25 | OK | |||
r-devel-windows-x86_64 | 1.99.0 | 38.00 | 246.00 | 284.00 | OK | |
r-patched-linux-x86_64 | 1.99.0 | 18.85 | 225.00 | 243.85 | OK | |
r-release-linux-x86_64 | 1.99.0 | 22.16 | 224.87 | 247.03 | OK | |
r-release-macos-arm64 | 1.99.0 | 79.00 | NOTE | |||
r-release-macos-x86_64 | 1.99.0 | 148.00 | OK | |||
r-release-windows-x86_64 | 1.99.0 | 36.00 | 239.00 | 275.00 | OK | |
r-oldrel-macos-arm64 | 1.99.0 | 78.00 | OK | |||
r-oldrel-macos-x86_64 | 1.99.0 | 108.00 | OK | |||
r-oldrel-windows-ix86+x86_64 | 1.99.0 | 52.00 | 239.00 | 291.00 | OK |
Version: 1.99.0
Check: package dependencies
Result: NOTE
Packages suggested but not available for checking: 'Gviz', 'rtracklayer'
Flavor: r-release-macos-arm64