Last updated on 2022-05-25 02:52:27 CEST.
Flavor | Version | Tinstall | Tcheck | Ttotal | Status | Flags |
---|---|---|---|---|---|---|
r-devel-linux-x86_64-debian-clang | 1.0.0 | 4.11 | 119.29 | 123.40 | NOTE | |
r-devel-linux-x86_64-debian-gcc | 1.0.0 | 2.75 | 84.98 | 87.73 | NOTE | |
r-devel-linux-x86_64-fedora-clang | 1.0.0 | 137.20 | NOTE | |||
r-devel-linux-x86_64-fedora-gcc | 1.0.0 | 134.25 | NOTE | |||
r-devel-windows-x86_64 | 1.0.0 | 22.00 | 146.00 | 168.00 | NOTE | |
r-patched-linux-x86_64 | 1.0.0 | 4.43 | 108.55 | 112.98 | NOTE | |
r-release-linux-x86_64 | 1.0.0 | NOTE | ||||
r-release-macos-arm64 | 1.0.0 | 49.00 | NOTE | |||
r-release-macos-x86_64 | 1.0.0 | 67.00 | NOTE | |||
r-release-windows-x86_64 | 1.0.0 | 24.00 | 139.00 | 163.00 | NOTE | |
r-oldrel-macos-arm64 | 1.0.0 | 59.00 | NOTE | |||
r-oldrel-macos-x86_64 | 1.0.0 | 85.00 | NOTE | |||
r-oldrel-windows-ix86+x86_64 | 1.0.0 | 9.00 | 130.00 | 139.00 | NOTE |
Version: 1.0.0
Check: LazyData
Result: NOTE
'LazyData' is specified without a 'data' directory
Flavors: r-devel-linux-x86_64-debian-clang, r-devel-linux-x86_64-debian-gcc, r-devel-linux-x86_64-fedora-clang, r-devel-linux-x86_64-fedora-gcc, r-devel-windows-x86_64, r-patched-linux-x86_64, r-release-linux-x86_64, r-release-macos-arm64, r-release-macos-x86_64, r-release-windows-x86_64, r-oldrel-macos-arm64, r-oldrel-macos-x86_64, r-oldrel-windows-ix86+x86_64