Last updated on 2022-05-24 10:51:12 CEST.
Flavor | Version | Tinstall | Tcheck | Ttotal | Status | Flags |
---|---|---|---|---|---|---|
r-devel-linux-x86_64-debian-clang | 1.0 | 2.73 | 41.08 | 43.81 | NOTE | |
r-devel-linux-x86_64-debian-gcc | 1.0 | 1.97 | 30.90 | 32.87 | NOTE | |
r-devel-linux-x86_64-fedora-clang | 1.0 | 54.00 | NOTE | |||
r-devel-linux-x86_64-fedora-gcc | 1.0 | 53.01 | NOTE | |||
r-devel-windows-x86_64 | 1.0 | 8.00 | 55.00 | 63.00 | NOTE | |
r-patched-linux-x86_64 | 1.0 | 3.07 | 39.76 | 42.83 | NOTE | |
r-release-linux-x86_64 | 1.0 | NOTE | ||||
r-release-macos-arm64 | 1.0 | 20.00 | NOTE | |||
r-release-macos-x86_64 | 1.0 | 29.00 | NOTE | |||
r-release-windows-x86_64 | 1.0 | 11.00 | 47.00 | 58.00 | NOTE | |
r-oldrel-macos-arm64 | 1.0 | 23.00 | NOTE | |||
r-oldrel-macos-x86_64 | 1.0 | 39.00 | NOTE | |||
r-oldrel-windows-ix86+x86_64 | 1.0 | 5.00 | 51.00 | 56.00 | NOTE |
Version: 1.0
Check: R code for possible problems
Result: NOTE
RnDif.het: no visible global function definition for 'runif'
RnDif.hom: no visible global function definition for 'runif'
RnDifAdv.hom: no visible global function definition for 'runif'
SoilAdv.hom: no visible global function definition for 'runif'
Undefined global functions or variables:
runif
Consider adding
importFrom("stats", "runif")
to your NAMESPACE file.
Flavors: r-devel-linux-x86_64-debian-clang, r-devel-linux-x86_64-debian-gcc, r-devel-linux-x86_64-fedora-clang, r-devel-linux-x86_64-fedora-gcc, r-devel-windows-x86_64, r-patched-linux-x86_64, r-release-linux-x86_64, r-release-macos-arm64, r-release-macos-x86_64, r-release-windows-x86_64, r-oldrel-macos-arm64, r-oldrel-macos-x86_64, r-oldrel-windows-ix86+x86_64