CRAN Package Check Results for Package RagGrid

Last updated on 2022-05-27 19:54:03 CEST.

Flavor Version Tinstall Tcheck Ttotal Status Flags
r-devel-linux-x86_64-debian-clang 0.2.0 1.98 36.45 38.43 OK
r-devel-linux-x86_64-debian-gcc 0.2.0 2.43 28.28 30.71 OK
r-devel-linux-x86_64-fedora-clang 0.2.0 47.48 NOTE
r-devel-linux-x86_64-fedora-gcc 0.2.0 45.93 NOTE
r-devel-windows-x86_64 0.2.0 33.00 56.00 89.00 OK
r-patched-linux-x86_64 0.2.0 3.35 35.31 38.66 OK
r-release-linux-x86_64 0.2.0 3.08 35.29 38.37 OK
r-release-macos-arm64 0.2.0 17.00 NOTE
r-release-macos-x86_64 0.2.0 23.00 NOTE
r-release-windows-x86_64 0.2.0 44.00 53.00 97.00 OK
r-oldrel-macos-arm64 0.2.0 20.00 NOTE
r-oldrel-macos-x86_64 0.2.0 27.00 NOTE
r-oldrel-windows-ix86+x86_64 0.2.0 8.00 45.00 53.00 OK

Check Details

Version: 0.2.0
Check: dependencies in R code
Result: NOTE
    Namespace in Imports field not imported from: ‘knitr’
     All declared Imports should be used.
Flavors: r-devel-linux-x86_64-fedora-clang, r-devel-linux-x86_64-fedora-gcc, r-release-macos-arm64, r-release-macos-x86_64, r-oldrel-macos-arm64, r-oldrel-macos-x86_64