Last updated on 2022-06-30 02:52:33 CEST.
Flavor | Version | Tinstall | Tcheck | Ttotal | Status | Flags |
---|---|---|---|---|---|---|
r-devel-linux-x86_64-debian-clang | 1.2.5 | 31.41 | 47.56 | 78.97 | NOTE | |
r-devel-linux-x86_64-debian-gcc | 1.2.5 | 29.58 | 35.41 | 64.99 | NOTE | |
r-devel-linux-x86_64-fedora-clang | 1.2.5 | 114.61 | NOTE | |||
r-devel-linux-x86_64-fedora-gcc | 1.2.5 | 112.71 | NOTE | |||
r-devel-windows-x86_64 | 1.2.5 | 196.00 | 79.00 | 275.00 | OK | |
r-patched-linux-x86_64 | 1.2.5 | 29.05 | 44.42 | 73.47 | NOTE | |
r-release-linux-x86_64 | 1.2.5 | 26.13 | 44.99 | 71.12 | NOTE | |
r-release-macos-arm64 | 1.2.5 | 33.00 | OK | |||
r-release-macos-x86_64 | 1.2.5 | 43.00 | OK | |||
r-release-windows-x86_64 | 1.2.5 | 240.00 | 73.00 | 313.00 | OK | |
r-oldrel-macos-arm64 | 1.2.5 | 37.00 | OK | |||
r-oldrel-macos-x86_64 | 1.2.5 | 45.00 | OK | |||
r-oldrel-windows-ix86+x86_64 | 1.2.5 | 84.00 | 68.00 | 152.00 | OK |
Version: 1.2.5
Check: package dependencies
Result: NOTE
Package suggested but not available for checking: 'RandomFields'
Flavors: r-devel-linux-x86_64-debian-clang, r-devel-linux-x86_64-debian-gcc, r-devel-linux-x86_64-fedora-clang, r-devel-linux-x86_64-fedora-gcc, r-patched-linux-x86_64, r-release-linux-x86_64