CRAN Package Check Results for Package Rankcluster

Last updated on 2022-05-19 06:58:26 CEST.

Flavor Version Tinstall Tcheck Ttotal Status Flags
r-devel-linux-x86_64-debian-clang 0.94.5 55.61 57.86 113.47 WARN
r-devel-linux-x86_64-debian-gcc 0.94.5 50.42 45.43 95.85 OK
r-devel-linux-x86_64-fedora-clang 0.94.5 168.54 WARN
r-devel-linux-x86_64-fedora-gcc 0.94.5 160.80 OK
r-devel-windows-x86_64 0.94.5 83.00 125.00 208.00 OK
r-patched-linux-x86_64 0.94.5 55.41 57.18 112.59 OK
r-release-linux-x86_64 0.94.5 48.79 57.53 106.32 OK
r-release-macos-arm64 0.94.5 48.00 NOTE
r-release-macos-x86_64 0.94.5 58.00 OK
r-release-windows-x86_64 0.94.5 82.00 128.00 210.00 OK
r-oldrel-macos-arm64 0.94.5 62.00 NOTE
r-oldrel-macos-x86_64 0.94.5 76.00 OK
r-oldrel-windows-ix86+x86_64 0.94.5 144.00 115.00 259.00 OK

Additional issues

clang14

Check Details

Version: 0.94.5
Check: whether package can be installed
Result: WARN
    Found the following significant warnings:
     RankCluster.cpp:601:17: warning: use of bitwise '&' with boolean operands [-Wbitwise-instead-of-logical]
     test.cpp:34:17: warning: use of bitwise '&' with boolean operands [-Wbitwise-instead-of-logical]
Flavors: r-devel-linux-x86_64-debian-clang, r-devel-linux-x86_64-fedora-clang

Version: 0.94.5
Check: installed package size
Result: NOTE
     installed size is 5.1Mb
     sub-directories of 1Mb or more:
     libs 4.3Mb
Flavors: r-release-macos-arm64, r-oldrel-macos-arm64