Last updated on 2022-05-28 20:49:23 CEST.
Flavor | Version | Tinstall | Tcheck | Ttotal | Status | Flags |
---|---|---|---|---|---|---|
r-devel-linux-x86_64-debian-clang | 2.1.7 | 33.34 | 190.77 | 224.11 | NOTE | |
r-devel-linux-x86_64-debian-gcc | 2.1.7 | 28.66 | 137.75 | 166.41 | NOTE | |
r-devel-linux-x86_64-fedora-clang | 2.1.7 | 270.16 | NOTE | |||
r-devel-linux-x86_64-fedora-gcc | 2.1.7 | 255.77 | NOTE | |||
r-devel-windows-x86_64 | 2.1.7 | 81.00 | 241.00 | 322.00 | NOTE | |
r-patched-linux-x86_64 | 2.1.7 | 35.31 | 174.66 | 209.97 | OK | |
r-release-linux-x86_64 | 2.1.7 | 22.86 | 177.67 | 200.53 | OK | |
r-release-macos-arm64 | 2.1.7 | 70.00 | OK | |||
r-release-macos-x86_64 | 2.1.7 | 179.00 | OK | |||
r-release-windows-x86_64 | 2.1.7 | 86.00 | 241.00 | 327.00 | OK | |
r-oldrel-macos-arm64 | 2.1.7 | 67.00 | OK | |||
r-oldrel-macos-x86_64 | 2.1.7 | 91.00 | OK | |||
r-oldrel-windows-ix86+x86_64 | 2.1.7 | 81.00 | 329.00 | 410.00 | NOTE |
Version: 2.1.7
Check: Rd files
Result: NOTE
checkRd: (7) rvn_met_recordplot.Rd:26: \item in \value must have non-empty label
checkRd: (7) rvn_met_recordplot.Rd:27: \item in \value must have non-empty label
Flavors: r-devel-linux-x86_64-debian-clang, r-devel-linux-x86_64-debian-gcc, r-devel-linux-x86_64-fedora-clang, r-devel-linux-x86_64-fedora-gcc, r-devel-windows-x86_64
Version: 2.1.7
Check: installed package size
Result: NOTE
installed size is 5.0Mb
sub-directories of 1Mb or more:
doc 1.1Mb
extdata 1.0Mb
libs 2.1Mb
Flavor: r-oldrel-windows-ix86+x86_64