CRAN Package Check Results for Package Rbgs

Last updated on 2022-05-17 21:50:55 CEST.

Flavor Version Tinstall Tcheck Ttotal Status Flags
r-devel-linux-x86_64-debian-clang 0.2 3.50 49.45 52.95 NOTE
r-devel-linux-x86_64-debian-gcc 0.2 2.50 38.45 40.95 NOTE
r-devel-linux-x86_64-fedora-clang 0.2 63.40 NOTE
r-devel-linux-x86_64-fedora-gcc 0.2 69.66 NOTE
r-devel-windows-x86_64 0.2 15.00 67.00 82.00 NOTE
r-patched-linux-x86_64 0.2 3.76 47.86 51.62 NOTE
r-release-linux-x86_64 0.2 4.37 48.89 53.26 NOTE
r-release-macos-arm64 0.2 22.00 NOTE
r-release-macos-x86_64 0.2 30.00 NOTE
r-release-windows-x86_64 0.2 15.00 66.00 81.00 NOTE
r-oldrel-macos-arm64 0.2 29.00 NOTE
r-oldrel-macos-x86_64 0.2 35.00 NOTE
r-oldrel-windows-ix86+x86_64 0.2 12.00 65.00 77.00 NOTE

Additional issues

donttest

Check Details

Version: 0.2
Check: LazyData
Result: NOTE
     'LazyData' is specified without a 'data' directory
Flavors: r-devel-linux-x86_64-debian-clang, r-devel-linux-x86_64-debian-gcc, r-devel-linux-x86_64-fedora-clang, r-devel-linux-x86_64-fedora-gcc, r-devel-windows-x86_64, r-patched-linux-x86_64, r-release-linux-x86_64, r-release-macos-arm64, r-release-macos-x86_64, r-release-windows-x86_64, r-oldrel-macos-arm64, r-oldrel-macos-x86_64, r-oldrel-windows-ix86+x86_64