Last updated on 2022-05-24 06:50:50 CEST.
Flavor | Version | Tinstall | Tcheck | Ttotal | Status | Flags |
---|---|---|---|---|---|---|
r-devel-linux-x86_64-debian-clang | 0.3.13 | 145.98 | 44.19 | 190.17 | NOTE | |
r-devel-linux-x86_64-debian-gcc | 0.3.13 | 116.81 | 34.06 | 150.87 | NOTE | |
r-devel-linux-x86_64-fedora-clang | 0.3.13 | 292.63 | NOTE | |||
r-devel-linux-x86_64-fedora-gcc | 0.3.13 | 257.00 | NOTE | |||
r-devel-windows-x86_64 | 0.3.13 | 153.00 | 176.00 | 329.00 | NOTE | |
r-patched-linux-x86_64 | 0.3.13 | 121.91 | 41.74 | 163.65 | NOTE | |
r-release-linux-x86_64 | 0.3.13 | NOTE | ||||
r-release-macos-arm64 | 0.3.13 | 8.00 | ERROR | |||
r-release-macos-x86_64 | 0.3.13 | 85.00 | NOTE | |||
r-release-windows-x86_64 | 0.3.13 | 139.00 | 175.00 | 314.00 | NOTE | |
r-oldrel-macos-arm64 | 0.3.13 | 9.00 | ERROR | |||
r-oldrel-macos-x86_64 | 0.3.13 | 87.00 | NOTE | |||
r-oldrel-windows-ix86+x86_64 | 0.3.13 | 365.00 | 181.00 | 546.00 | NOTE |
Version: 0.3.13
Check: package dependencies
Result: NOTE
Package suggested but not available for checking: 'fts'
Flavors: r-devel-linux-x86_64-debian-clang, r-devel-linux-x86_64-debian-gcc, r-devel-linux-x86_64-fedora-clang, r-devel-linux-x86_64-fedora-gcc, r-patched-linux-x86_64, r-release-linux-x86_64
Version: 0.3.13
Check: whether package can be installed
Result: NOTE
Found the following notes/warnings:
Non-staged installation was used
Flavors: r-devel-linux-x86_64-debian-clang, r-devel-linux-x86_64-debian-gcc, r-devel-linux-x86_64-fedora-clang, r-devel-linux-x86_64-fedora-gcc, r-devel-windows-x86_64, r-patched-linux-x86_64, r-release-linux-x86_64, r-release-macos-x86_64, r-release-windows-x86_64, r-oldrel-macos-x86_64, r-oldrel-windows-ix86+x86_64
Version: 0.3.13
Check: installed package size
Result: NOTE
installed size is 12.8Mb
sub-directories of 1Mb or more:
blp 7.1Mb
libs 4.7Mb
Flavors: r-devel-linux-x86_64-fedora-clang, r-devel-windows-x86_64, r-release-macos-x86_64, r-release-windows-x86_64, r-oldrel-macos-x86_64, r-oldrel-windows-ix86+x86_64
Version: 0.3.13
Check: whether package can be installed
Result: ERROR
Installation failed.
Flavors: r-release-macos-arm64, r-oldrel-macos-arm64