Last updated on 2022-05-21 23:51:07 CEST.
Flavor | Version | Tinstall | Tcheck | Ttotal | Status | Flags |
---|---|---|---|---|---|---|
r-devel-linux-x86_64-debian-clang | 1.1.3 | 66.78 | 434.55 | 501.33 | WARN | |
r-devel-linux-x86_64-debian-gcc | 1.1.3 | 50.38 | 321.88 | 372.26 | WARN | |
r-devel-linux-x86_64-fedora-clang | 1.1.3 | 637.10 | WARN | |||
r-devel-linux-x86_64-fedora-gcc | 1.1.3 | 637.85 | WARN | |||
r-devel-windows-x86_64 | 1.1.3 | 203.00 | 445.00 | 648.00 | NOTE | |
r-patched-linux-x86_64 | 1.1.3 | 64.92 | 413.26 | 478.18 | WARN | |
r-release-linux-x86_64 | 1.1.3 | 62.05 | 412.57 | 474.62 | WARN | |
r-release-macos-arm64 | 1.1.3 | 197.00 | NOTE | |||
r-release-macos-x86_64 | 1.1.3 | 375.00 | NOTE | |||
r-release-windows-x86_64 | 1.1.3 | 219.00 | 747.00 | 966.00 | NOTE | |
r-oldrel-macos-arm64 | 1.1.3 | 309.00 | NOTE | |||
r-oldrel-macos-x86_64 | 1.1.3 | 346.00 | NOTE | |||
r-oldrel-windows-ix86+x86_64 | 1.1.3 | 110.00 | 798.00 | 908.00 | NOTE |
Version: 1.1.3
Check: package dependencies
Result: NOTE
Depends: includes the non-default packages:
'biclust', 'fabia', 'iBBiG', 'superbiclust', 'BcDiag', 'BicARE',
's4vd', 'BiBitR'
Adding so many packages to the search path is excessive and importing
selectively is preferable.
Flavors: r-devel-linux-x86_64-debian-clang, r-devel-linux-x86_64-debian-gcc, r-devel-linux-x86_64-fedora-clang, r-devel-linux-x86_64-fedora-gcc, r-devel-windows-x86_64, r-patched-linux-x86_64, r-release-linux-x86_64, r-release-windows-x86_64, r-oldrel-windows-ix86+x86_64
Version: 1.1.3
Check: sizes of PDF files under ‘inst/doc’
Result: WARN
'gs+qpdf' made some significant size reductions:
compacted 'GuideBiclustGUI.pdf' from 2.6Mb to 2.3Mb
consider running tools::compactPDF(gs_quality = "ebook") on these files
Flavors: r-devel-linux-x86_64-debian-clang, r-devel-linux-x86_64-debian-gcc, r-devel-linux-x86_64-fedora-clang, r-devel-linux-x86_64-fedora-gcc, r-patched-linux-x86_64, r-release-linux-x86_64
Version: 1.1.3
Check: package dependencies
Result: NOTE
Package suggested but not available for checking: ‘rqubic’
Depends: includes the non-default packages:
'biclust', 'fabia', 'iBBiG', 'superbiclust', 'BcDiag', 'BicARE',
's4vd', 'BiBitR'
Adding so many packages to the search path is excessive and importing
selectively is preferable.
Flavors: r-release-macos-arm64, r-release-macos-x86_64, r-oldrel-macos-arm64, r-oldrel-macos-x86_64