CRAN Package Check Results for Package RcmdrPlugin.HH

Last updated on 2022-05-17 05:52:56 CEST.

Flavor Version Tinstall Tcheck Ttotal Status Flags
r-devel-linux-x86_64-debian-clang 1.1-47 29.36 200.84 230.20 OK
r-devel-linux-x86_64-debian-gcc 1.1-47 23.59 148.83 172.42 OK
r-devel-linux-x86_64-fedora-clang 1.1-47 274.72 NOTE
r-devel-linux-x86_64-fedora-gcc 1.1-47 272.80 OK
r-devel-windows-x86_64 1.1-47 52.00 207.00 259.00 OK
r-patched-linux-x86_64 1.1-47 26.42 193.03 219.45 OK
r-release-linux-x86_64 1.1-47 27.79 190.88 218.67 OK
r-release-macos-arm64 1.1-47 84.00 OK
r-release-macos-x86_64 1.1-47 188.00 OK
r-release-windows-x86_64 1.1-47 63.00 207.00 270.00 OK
r-oldrel-macos-arm64 1.1-47 83.00 OK
r-oldrel-macos-x86_64 1.1-47 169.00 OK
r-oldrel-windows-ix86+x86_64 1.1-47 55.00 185.00 240.00 OK

Check Details

Version: 1.1-47
Check: Rd cross-references
Result: NOTE
    Undeclared packages ‘car’, ‘leaps’, ‘latticeExtra’, ‘rgl’ in Rd xrefs
Flavor: r-devel-linux-x86_64-fedora-clang