Last updated on 2022-05-17 12:49:04 CEST.
Flavor | Version | Tinstall | Tcheck | Ttotal | Status | Flags |
---|---|---|---|---|---|---|
r-devel-linux-x86_64-debian-clang | 0.2-1.1 | 40.12 | 212.52 | 252.64 | NOTE | |
r-devel-linux-x86_64-debian-gcc | 0.2-1.1 | 31.15 | 156.47 | 187.62 | NOTE | |
r-devel-linux-x86_64-fedora-clang | 0.2-1.1 | 312.11 | NOTE | |||
r-devel-linux-x86_64-fedora-gcc | 0.2-1.1 | 308.73 | NOTE | |||
r-devel-windows-x86_64 | 0.2-1.1 | 80.00 | 194.00 | 274.00 | NOTE | |
r-patched-linux-x86_64 | 0.2-1.1 | 37.46 | 210.62 | 248.08 | NOTE | |
r-release-linux-x86_64 | 0.2-1.1 | 39.30 | 208.04 | 247.34 | NOTE | |
r-release-macos-arm64 | 0.2-1.1 | 120.00 | NOTE | |||
r-release-macos-x86_64 | 0.2-1.1 | 280.00 | NOTE | |||
r-release-windows-x86_64 | 0.2-1.1 | 135.00 | 161.00 | 296.00 | NOTE | |
r-oldrel-macos-arm64 | 0.2-1.1 | 133.00 | NOTE | |||
r-oldrel-macos-x86_64 | 0.2-1.1 | 182.00 | NOTE | |||
r-oldrel-windows-ix86+x86_64 | 0.2-1.1 | 55.00 | 179.00 | 234.00 | NOTE |
Version: 0.2-1.1
Check: dependencies in R code
Result: NOTE
'library' or 'require' calls in package code:
'abind' 'e1071' 'qcc'
Please use :: or requireNamespace() instead.
See section 'Suggested packages' in the 'Writing R Extensions' manual.
Flavors: r-devel-linux-x86_64-debian-clang, r-devel-linux-x86_64-debian-gcc, r-devel-linux-x86_64-fedora-clang, r-devel-linux-x86_64-fedora-gcc, r-devel-windows-x86_64, r-patched-linux-x86_64, r-release-linux-x86_64, r-release-macos-arm64, r-release-macos-x86_64, r-release-windows-x86_64, r-oldrel-macos-arm64, r-oldrel-macos-x86_64, r-oldrel-windows-ix86+x86_64
Version: 0.2-1.1
Check: package dependencies
Result: NOTE
Package suggested but not available for checking: ‘RODBC’
Flavor: r-oldrel-macos-arm64