CRAN Package Check Results for Package RcmdrPlugin.aRnova

Last updated on 2022-05-26 11:52:18 CEST.

Flavor Version Tinstall Tcheck Ttotal Status Flags
r-devel-linux-x86_64-debian-clang 0.0.5 26.10 177.54 203.64 OK
r-devel-linux-x86_64-debian-gcc 0.0.5 21.20 144.97 166.17 OK
r-devel-linux-x86_64-fedora-clang 0.0.5 249.54 NOTE
r-devel-linux-x86_64-fedora-gcc 0.0.5 246.69 OK
r-devel-windows-x86_64 0.0.5 36.00 188.00 224.00 OK
r-patched-linux-x86_64 0.0.5 25.48 166.71 192.19 OK
r-release-linux-x86_64 0.0.5 OK
r-release-macos-arm64 0.0.5 105.00 OK
r-release-macos-x86_64 0.0.5 221.00 OK
r-release-windows-x86_64 0.0.5 47.00 183.00 230.00 OK
r-oldrel-macos-arm64 0.0.5 131.00 OK
r-oldrel-macos-x86_64 0.0.5 141.00 OK
r-oldrel-windows-ix86+x86_64 0.0.5 42.00 166.00 208.00 OK

Check Details

Version: 0.0.5
Check: Rd cross-references
Result: NOTE
    Undeclared package ‘car’ in Rd xrefs
Flavor: r-devel-linux-x86_64-fedora-clang