Last updated on 2022-05-19 10:55:54 CEST.
Flavor | Version | Tinstall | Tcheck | Ttotal | Status | Flags |
---|---|---|---|---|---|---|
r-devel-linux-x86_64-debian-clang | 0.1-0 | 16.97 | 150.20 | 167.17 | NOTE | |
r-devel-linux-x86_64-debian-gcc | 0.1-0 | 13.96 | 110.29 | 124.25 | NOTE | |
r-devel-linux-x86_64-fedora-clang | 0.1-0 | 199.98 | NOTE | |||
r-devel-linux-x86_64-fedora-gcc | 0.1-0 | 199.52 | NOTE | |||
r-devel-windows-x86_64 | 0.1-0 | 39.00 | 169.00 | 208.00 | NOTE | |
r-patched-linux-x86_64 | 0.1-0 | 21.26 | 143.39 | 164.65 | NOTE | |
r-release-linux-x86_64 | 0.1-0 | 15.51 | 140.77 | 156.28 | NOTE | |
r-release-macos-arm64 | 0.1-0 | 53.00 | NOTE | |||
r-release-macos-x86_64 | 0.1-0 | 119.00 | NOTE | |||
r-release-windows-x86_64 | 0.1-0 | 88.00 | 171.00 | 259.00 | NOTE | |
r-oldrel-macos-arm64 | 0.1-0 | 53.00 | NOTE | |||
r-oldrel-macos-x86_64 | 0.1-0 | 124.00 | NOTE | |||
r-oldrel-windows-ix86+x86_64 | 0.1-0 | 38.00 | 161.00 | 199.00 | NOTE |
Version: 0.1-0
Check: DESCRIPTION meta-information
Result: NOTE
Malformed Description field: should contain one or more complete sentences.
Flavors: r-devel-linux-x86_64-debian-clang, r-devel-linux-x86_64-debian-gcc, r-devel-linux-x86_64-fedora-clang, r-devel-linux-x86_64-fedora-gcc, r-devel-windows-x86_64, r-patched-linux-x86_64, r-release-linux-x86_64, r-release-macos-arm64, r-release-macos-x86_64, r-release-windows-x86_64, r-oldrel-macos-arm64, r-oldrel-macos-x86_64, r-oldrel-windows-ix86+x86_64
Version: 0.1-0
Check: R code for possible problems
Result: NOTE
BOXWP: no visible binding for global variable 'top'
BOXWP: no visible binding for global variable 'buttonsFrame'
HIST: no visible binding for global variable 'top'
HIST: no visible binding for global variable 'buttonsFrame'
QQN: no visible binding for global variable 'top'
QQN: no visible binding for global variable 'buttonsFrame'
Undefined global functions or variables:
buttonsFrame top
Flavors: r-devel-linux-x86_64-debian-clang, r-devel-linux-x86_64-debian-gcc, r-devel-linux-x86_64-fedora-clang, r-devel-linux-x86_64-fedora-gcc, r-devel-windows-x86_64, r-patched-linux-x86_64, r-release-linux-x86_64, r-release-macos-arm64, r-release-macos-x86_64, r-release-windows-x86_64, r-oldrel-macos-arm64, r-oldrel-macos-x86_64, r-oldrel-windows-ix86+x86_64