CRAN Package Check Results for Package RcmdrPlugin.survival

Last updated on 2022-01-29 06:49:45 CET.

Flavor Version Tinstall Tcheck Ttotal Status Flags
r-devel-linux-x86_64-debian-clang 1.2-2 24.46 168.79 193.25 OK
r-devel-linux-x86_64-debian-gcc 1.2-2 19.25 126.51 145.76 OK
r-devel-linux-x86_64-fedora-clang 1.2-2 200.21 OK
r-devel-linux-x86_64-fedora-gcc 1.2-2 221.70 OK
r-devel-windows-x86_64-new-UL 1.2-2 237.00 167.00 404.00 OK
r-devel-windows-x86_64-new-TK 1.2-2 ERROR
r-patched-linux-x86_64 1.2-2 17.02 136.35 153.37 OK
r-release-linux-x86_64 1.2-2 18.18 134.16 152.34 OK
r-release-macos-arm64 1.2-2 OK
r-release-macos-x86_64 1.2-2 OK
r-release-windows-ix86+x86_64 1.2-2 40.00 150.00 190.00 OK
r-oldrel-macos-x86_64 1.2-2 OK
r-oldrel-windows-ix86+x86_64 1.2-2 40.00 149.00 189.00 OK

Check Details

Version: 1.2-2
Check: package dependencies
Result: ERROR
    Package required but not available: 'Rcmdr'
    
    See section 'The DESCRIPTION file' in the 'Writing R Extensions'
    manual.
Flavor: r-devel-windows-x86_64-new-TK