Last updated on 2023-01-28 20:54:37 CET.
Flavor | Version | Tinstall | Tcheck | Ttotal | Status | Flags |
---|---|---|---|---|---|---|
r-devel-linux-x86_64-debian-clang | 5.4.1 | 7.16 | 27.02 | 34.18 | OK | |
r-devel-linux-x86_64-debian-gcc | 5.4.1 | 7.23 | 20.99 | 28.22 | OK | |
r-devel-linux-x86_64-fedora-clang | 5.4.1 | 47.04 | NOTE | |||
r-devel-linux-x86_64-fedora-gcc | 5.4.1 | 47.04 | OK | |||
r-devel-windows-x86_64 | 5.4.1 | 482.00 | 111.00 | 593.00 | NOTE | |
r-patched-linux-x86_64 | 5.4.1 | 10.72 | 26.55 | 37.27 | OK | |
r-release-linux-x86_64 | 5.4.1 | 7.48 | 27.45 | 34.93 | OK | |
r-release-macos-arm64 | 5.4.1 | 22.00 | NOTE | |||
r-release-macos-x86_64 | 5.4.1 | 34.00 | NOTE | |||
r-release-windows-x86_64 | 5.4.1 | 4008.00 | 93.00 | 4101.00 | NOTE | |
r-oldrel-macos-arm64 | 5.4.1 | 25.00 | NOTE | |||
r-oldrel-macos-x86_64 | 5.4.1 | 34.00 | NOTE | |||
r-oldrel-windows-ix86+x86_64 | 5.4.1 | 45.00 | 57.00 | 102.00 | NOTE |
Version: 5.4.1
Check: installed package size
Result: NOTE
installed size is 45.4Mb
sub-directories of 1Mb or more:
include 45.2Mb
Flavors: r-devel-linux-x86_64-fedora-clang, r-devel-windows-x86_64, r-release-macos-arm64, r-release-macos-x86_64, r-release-windows-x86_64, r-oldrel-macos-arm64, r-oldrel-macos-x86_64, r-oldrel-windows-ix86+x86_64