CRAN Package Check Results for Package RcppClassicExamples

Last updated on 2023-01-31 23:52:27 CET.

Flavor Version Tinstall Tcheck Ttotal Status Flags
r-devel-linux-x86_64-debian-clang 0.1.2 52.01 28.41 80.42 OK
r-devel-linux-x86_64-debian-gcc 0.1.2 39.29 22.17 61.46 OK
r-devel-linux-x86_64-fedora-clang 0.1.2 120.07 NOTE
r-devel-linux-x86_64-fedora-gcc 0.1.2 99.84 OK
r-devel-windows-x86_64 0.1.2 90.00 84.00 174.00 OK
r-patched-linux-x86_64 0.1.2 36.30 28.35 64.65 OK
r-release-linux-x86_64 0.1.2 38.05 28.54 66.59 OK
r-release-macos-arm64 0.1.2 31.00 OK
r-release-macos-x86_64 0.1.2 41.00 OK
r-release-windows-x86_64 0.1.2 67.00 91.00 158.00 OK
r-oldrel-macos-arm64 0.1.2 34.00 OK
r-oldrel-macos-x86_64 0.1.2 55.00 OK
r-oldrel-windows-ix86+x86_64 0.1.2 134.00 95.00 229.00 OK

Check Details

Version: 0.1.2
Check: Rd cross-references
Result: NOTE
    Undeclared package ‘RcppExamples’ in Rd xrefs
Flavor: r-devel-linux-x86_64-fedora-clang