CRAN Package Check Results for Package RcppEigen

Last updated on 2022-01-29 03:59:33 CET.

Flavor Version Tinstall Tcheck Ttotal Status Flags
r-devel-linux-x86_64-debian-clang 0.3.3.9.1 68.99 93.56 162.55 OK
r-devel-linux-x86_64-debian-gcc 0.3.3.9.1 60.45 74.11 134.56 OK
r-devel-linux-x86_64-fedora-clang 0.3.3.9.1 225.56 NOTE
r-devel-linux-x86_64-fedora-gcc 0.3.3.9.1 217.29 OK
r-devel-windows-x86_64-new-UL 0.3.3.9.1 1382.00 278.00 1660.00 NOTE
r-devel-windows-x86_64-new-TK 0.3.3.9.1 OK
r-patched-linux-x86_64 0.3.3.9.1 80.67 90.15 170.82 OK
r-release-linux-x86_64 0.3.3.9.1 66.70 87.46 154.16 OK
r-release-macos-arm64 0.3.3.9.1 NOTE
r-release-macos-x86_64 0.3.3.9.1 NOTE
r-release-windows-ix86+x86_64 0.3.3.9.1 165.00 381.00 546.00 NOTE
r-oldrel-macos-x86_64 0.3.3.9.1 NOTE
r-oldrel-windows-ix86+x86_64 0.3.3.9.1 167.00 388.00 555.00 NOTE

Check Details

Version: 0.3.3.9.1
Check: installed package size
Result: NOTE
     installed size is 31.0Mb
     sub-directories of 1Mb or more:
     include 7.9Mb
     libs 22.4Mb
Flavors: r-devel-linux-x86_64-fedora-clang, r-devel-windows-x86_64-new-UL, r-release-macos-arm64, r-release-macos-x86_64, r-release-windows-ix86+x86_64, r-oldrel-macos-x86_64, r-oldrel-windows-ix86+x86_64