Last updated on 2022-05-24 16:53:09 CEST.
Flavor | Version | Tinstall | Tcheck | Ttotal | Status | Flags |
---|---|---|---|---|---|---|
r-devel-linux-x86_64-debian-clang | 0.3.0 | 37.38 | 58.83 | 96.21 | NOTE | |
r-devel-linux-x86_64-debian-gcc | 0.3.0 | 31.24 | 43.92 | 75.16 | NOTE | |
r-devel-linux-x86_64-fedora-clang | 0.3.0 | 122.61 | NOTE | |||
r-devel-linux-x86_64-fedora-gcc | 0.3.0 | 120.04 | NOTE | |||
r-devel-windows-x86_64 | 0.3.0 | 42.00 | 101.00 | 143.00 | NOTE | |
r-patched-linux-x86_64 | 0.3.0 | 30.92 | 57.76 | 88.68 | NOTE | |
r-release-linux-x86_64 | 0.3.0 | NOTE | ||||
r-release-macos-arm64 | 0.3.0 | 33.00 | NOTE | |||
r-release-macos-x86_64 | 0.3.0 | 44.00 | NOTE | |||
r-release-windows-x86_64 | 0.3.0 | 38.00 | 105.00 | 143.00 | NOTE | |
r-oldrel-macos-arm64 | 0.3.0 | 36.00 | NOTE | |||
r-oldrel-macos-x86_64 | 0.3.0 | 60.00 | NOTE | |||
r-oldrel-windows-ix86+x86_64 | 0.3.0 | 82.00 | 122.00 | 204.00 | NOTE |
Version: 0.3.0
Check: LazyData
Result: NOTE
'LazyData' is specified without a 'data' directory
Flavors: r-devel-linux-x86_64-debian-clang, r-devel-linux-x86_64-debian-gcc, r-devel-linux-x86_64-fedora-clang, r-devel-linux-x86_64-fedora-gcc, r-devel-windows-x86_64, r-patched-linux-x86_64, r-release-linux-x86_64, r-release-macos-arm64, r-release-macos-x86_64, r-release-windows-x86_64, r-oldrel-macos-arm64, r-oldrel-macos-x86_64, r-oldrel-windows-ix86+x86_64
Version: 0.3.0
Check: installed package size
Result: NOTE
installed size is 5.4Mb
sub-directories of 1Mb or more:
libs 5.2Mb
Flavors: r-release-macos-arm64, r-release-macos-x86_64, r-oldrel-macos-arm64, r-oldrel-macos-x86_64