CRAN Package Check Results for Package Rcrawler

Last updated on 2022-05-17 07:53:14 CEST.

Flavor Version Tinstall Tcheck Ttotal Status Flags
r-devel-linux-x86_64-debian-clang 0.1.9-1 6.69 54.45 61.14 NOTE
r-devel-linux-x86_64-debian-gcc 0.1.9-1 5.18 40.23 45.41 NOTE
r-devel-linux-x86_64-fedora-clang 0.1.9-1 72.13 NOTE
r-devel-linux-x86_64-fedora-gcc 0.1.9-1 73.45 NOTE
r-devel-windows-x86_64 0.1.9-1 28.00 68.00 96.00 NOTE
r-patched-linux-x86_64 0.1.9-1 6.33 52.45 58.78 NOTE
r-release-linux-x86_64 0.1.9-1 5.09 50.34 55.43 NOTE
r-release-macos-arm64 0.1.9-1 20.00 NOTE
r-release-macos-x86_64 0.1.9-1 31.00 NOTE
r-release-windows-x86_64 0.1.9-1 29.00 68.00 97.00 NOTE
r-oldrel-macos-arm64 0.1.9-1 21.00 NOTE
r-oldrel-macos-x86_64 0.1.9-1 37.00 NOTE
r-oldrel-windows-ix86+x86_64 0.1.9-1 12.00 71.00 83.00 NOTE

Check Details

Version: 0.1.9-1
Check: LazyData
Result: NOTE
     'LazyData' is specified without a 'data' directory
Flavors: r-devel-linux-x86_64-debian-clang, r-devel-linux-x86_64-debian-gcc, r-devel-linux-x86_64-fedora-clang, r-devel-linux-x86_64-fedora-gcc, r-devel-windows-x86_64, r-patched-linux-x86_64, r-release-linux-x86_64, r-release-macos-arm64, r-release-macos-x86_64, r-release-windows-x86_64, r-oldrel-macos-arm64, r-oldrel-macos-x86_64, r-oldrel-windows-ix86+x86_64