Last updated on 2022-05-23 00:51:06 CEST.
Flavor | Version | Tinstall | Tcheck | Ttotal | Status | Flags |
---|---|---|---|---|---|---|
r-devel-linux-x86_64-debian-clang | 0.6.3 | 22.39 | 159.66 | 182.05 | OK | |
r-devel-linux-x86_64-debian-gcc | 0.6.3 | 15.87 | 116.14 | 132.01 | OK | |
r-devel-linux-x86_64-fedora-clang | 0.6.3 | 203.00 | NOTE | |||
r-devel-linux-x86_64-fedora-gcc | 0.6.3 | 203.82 | NOTE | |||
r-devel-windows-x86_64 | 0.6.3 | 58.00 | 171.00 | 229.00 | OK | |
r-patched-linux-x86_64 | 0.6.3 | 20.51 | 147.93 | 168.44 | OK | |
r-release-linux-x86_64 | 0.6.3 | 12.95 | 149.65 | 162.60 | OK | |
r-release-macos-arm64 | 0.6.3 | 48.00 | NOTE | |||
r-release-macos-x86_64 | 0.6.3 | 80.00 | NOTE | |||
r-release-windows-x86_64 | 0.6.3 | 55.00 | 172.00 | 227.00 | OK | |
r-oldrel-macos-arm64 | 0.6.3 | 52.00 | NOTE | |||
r-oldrel-macos-x86_64 | 0.6.3 | 77.00 | NOTE | |||
r-oldrel-windows-ix86+x86_64 | 0.6.3 | 41.00 | 169.00 | 210.00 | OK |
Version: 0.6.3
Check: dependencies in R code
Result: NOTE
Namespace in Imports field not imported from: ‘igraph’
All declared Imports should be used.
Flavors: r-devel-linux-x86_64-fedora-clang, r-devel-linux-x86_64-fedora-gcc, r-release-macos-arm64, r-release-macos-x86_64, r-oldrel-macos-arm64, r-oldrel-macos-x86_64