CRAN Package Check Results for Package ReIns

Last updated on 2022-01-24 14:54:29 CET.

Flavor Version Tinstall Tcheck Ttotal Status Flags
r-devel-linux-x86_64-debian-clang 1.0.10 59.76 188.16 247.92 OK
r-devel-linux-x86_64-debian-gcc 1.0.10 52.35 140.93 193.28 OK
r-devel-linux-x86_64-fedora-clang 1.0.10 336.55 OK
r-devel-linux-x86_64-fedora-gcc 1.0.10 316.30 OK
r-devel-windows-x86_64-new-UL 1.0.10 114.00 261.00 375.00 OK
r-devel-windows-x86_64-new-TK 1.0.10 OK
r-patched-linux-x86_64 1.0.10 59.68 183.31 242.99 OK
r-release-linux-x86_64 1.0.10 64.07 184.59 248.66 OK
r-release-macos-arm64 1.0.10 NOTE
r-release-macos-x86_64 1.0.10 OK
r-release-windows-ix86+x86_64 1.0.10 153.00 353.00 506.00 OK
r-oldrel-macos-x86_64 1.0.10 OK
r-oldrel-windows-ix86+x86_64 1.0.10 151.00 354.00 505.00 OK

Check Details

Version: 1.0.10
Check: package dependencies
Result: NOTE
    Packages suggested but not available for checking: 'interval', 'Icens'
Flavor: r-release-macos-arm64

Version: 1.0.10
Check: Rd cross-references
Result: NOTE
    Package unavailable to check Rd xrefs: ‘interval’
Flavor: r-release-macos-arm64