Last updated on 2022-05-19 17:51:34 CEST.
Flavor | Version | Tinstall | Tcheck | Ttotal | Status | Flags |
---|---|---|---|---|---|---|
r-devel-linux-x86_64-debian-clang | 0.3.0 | 17.70 | 210.09 | 227.79 | OK | |
r-devel-linux-x86_64-debian-gcc | 0.3.0 | 13.44 | 150.86 | 164.30 | OK | |
r-devel-linux-x86_64-fedora-clang | 0.3.0 | 274.87 | OK | |||
r-devel-linux-x86_64-fedora-gcc | 0.3.0 | 279.70 | OK | |||
r-devel-windows-x86_64 | 0.3.0 | 55.00 | 142.00 | 197.00 | ERROR | |
r-patched-linux-x86_64 | 0.3.0 | 14.88 | 188.75 | 203.63 | OK | |
r-release-linux-x86_64 | 0.3.0 | 11.65 | 196.87 | 208.52 | OK | |
r-release-macos-arm64 | 0.3.0 | 74.00 | OK | |||
r-release-macos-x86_64 | 0.3.0 | 118.00 | OK | |||
r-release-windows-x86_64 | 0.3.0 | 41.00 | 147.00 | 188.00 | ERROR | |
r-oldrel-macos-arm64 | 0.3.0 | 80.00 | OK | |||
r-oldrel-macos-x86_64 | 0.3.0 | 111.00 | OK | |||
r-oldrel-windows-ix86+x86_64 | 0.3.0 | 34.00 | 262.00 | 296.00 | OK |
Version: 0.3.0
Check: re-building of vignette outputs
Result: ERROR
Error(s) in re-building vignettes:
--- re-building 'Rediscover.Rmd' using rmarkdown
Loading required package: Matrix
Loading required package: speedglm
Loading required package: MASS
Loading required package: PoissonBinomial
Loading required package: ShiftConvolvePoibin
Loading required package: matrixStats
Attaching package: 'dplyr'
The following object is masked from 'package:matrixStats':
count
The following object is masked from 'package:MASS':
select
The following objects are masked from 'package:stats':
filter, lag
The following objects are masked from 'package:base':
intersect, setdiff, setequal, union
Attaching package: 'kableExtra'
The following object is masked from 'package:dplyr':
group_rows
Quitting from lines 21-30 (Rediscover.Rmd)
Error: processing vignette 'Rediscover.Rmd' failed with diagnostics:
package or namespace load failed for 'TCGAbiolinks' in loadNamespace(i, c(lib.loc, .libPaths()), versionCheck = vI[[i]]):
namespace 'TCGAbiolinksGUI.data' 1.12.0 is being loaded, but >= 1.15.1 is required
--- failed re-building 'Rediscover.Rmd'
SUMMARY: processing the following file failed:
'Rediscover.Rmd'
Error: Vignette re-building failed.
Execution halted
Flavors: r-devel-windows-x86_64, r-release-windows-x86_64