CRAN Package Check Results for Package ReinforcementLearning

Last updated on 2022-05-22 17:50:50 CEST.

Flavor Version Tinstall Tcheck Ttotal Status Flags
r-devel-linux-x86_64-debian-clang 1.0.5 8.06 61.84 69.90 OK
r-devel-linux-x86_64-debian-gcc 1.0.5 7.13 46.86 53.99 OK
r-devel-linux-x86_64-fedora-clang 1.0.5 83.25 NOTE
r-devel-linux-x86_64-fedora-gcc 1.0.5 83.67 NOTE
r-devel-windows-x86_64 1.0.5 78.00 85.00 163.00 OK
r-patched-linux-x86_64 1.0.5 6.72 58.61 65.33 OK
r-release-linux-x86_64 1.0.5 5.59 59.47 65.06 OK
r-release-macos-arm64 1.0.5 30.00 NOTE
r-release-macos-x86_64 1.0.5 51.00 NOTE
r-release-windows-x86_64 1.0.5 107.00 87.00 194.00 OK
r-oldrel-macos-arm64 1.0.5 35.00 NOTE
r-oldrel-macos-x86_64 1.0.5 52.00 NOTE
r-oldrel-windows-ix86+x86_64 1.0.5 15.00 79.00 94.00 OK

Check Details

Version: 1.0.5
Check: dependencies in R code
Result: NOTE
    Namespace in Imports field not imported from: ‘ggplot2’
     All declared Imports should be used.
Flavors: r-devel-linux-x86_64-fedora-clang, r-devel-linux-x86_64-fedora-gcc, r-release-macos-arm64, r-release-macos-x86_64, r-oldrel-macos-arm64, r-oldrel-macos-x86_64