Last updated on 2022-05-17 22:51:36 CEST.
Flavor | Version | Tinstall | Tcheck | Ttotal | Status | Flags |
---|---|---|---|---|---|---|
r-devel-linux-x86_64-debian-clang | 3.1 | 14.42 | 158.67 | 173.09 | OK | |
r-devel-linux-x86_64-debian-gcc | 3.1 | 10.97 | 115.01 | 125.98 | OK | |
r-devel-linux-x86_64-fedora-clang | 3.1 | 195.36 | NOTE | |||
r-devel-linux-x86_64-fedora-gcc | 3.1 | 198.59 | OK | |||
r-devel-windows-x86_64 | 3.1 | 48.00 | 161.00 | 209.00 | OK | |
r-patched-linux-x86_64 | 3.1 | 15.56 | 148.66 | 164.22 | OK | |
r-release-linux-x86_64 | 3.1 | 13.63 | 146.12 | 159.75 | OK | |
r-release-macos-arm64 | 3.1 | 53.00 | OK | |||
r-release-macos-x86_64 | 3.1 | 70.00 | OK | |||
r-release-windows-x86_64 | 3.1 | 37.00 | 161.00 | 198.00 | OK | |
r-oldrel-macos-arm64 | 3.1 | 44.00 | OK | |||
r-oldrel-macos-x86_64 | 3.1 | 70.00 | OK | |||
r-oldrel-windows-ix86+x86_64 | 3.1 | 27.00 | 165.00 | 192.00 | OK |
Version: 3.1
Check: Rd cross-references
Result: NOTE
Undeclared package ‘pls’ in Rd xrefs
Flavor: r-devel-linux-x86_64-fedora-clang