CRAN Package Check Results for Package RestRserve

Last updated on 2022-05-18 14:49:08 CEST.

Flavor Version Tinstall Tcheck Ttotal Status Flags
r-devel-linux-x86_64-debian-clang 1.1.1 66.44 65.11 131.55 OK
r-devel-linux-x86_64-debian-gcc 1.1.1 53.21 50.87 104.08 OK
r-devel-linux-x86_64-fedora-clang 1.1.1 175.60 NOTE
r-devel-linux-x86_64-fedora-gcc 1.1.1 173.70 OK
r-devel-windows-x86_64 1.1.1 133.00 129.00 262.00 OK
r-patched-linux-x86_64 1.1.1 62.11 62.78 124.89 OK
r-release-linux-x86_64 1.1.1 58.33 62.11 120.44 OK
r-release-macos-arm64 1.1.1 45.00 NOTE
r-release-macos-x86_64 1.1.1 70.00 NOTE
r-release-windows-x86_64 1.1.1 149.00 137.00 286.00 OK
r-oldrel-macos-arm64 1.1.1 47.00 NOTE
r-oldrel-macos-x86_64 1.1.1 84.00 NOTE
r-oldrel-windows-ix86+x86_64 1.1.1 142.00 126.00 268.00 NOTE

Check Details

Version: 1.1.1
Check: installed package size
Result: NOTE
     installed size is 6.6Mb
     sub-directories of 1Mb or more:
     doc 1.0Mb
     libs 2.7Mb
     swagger 1.4Mb
Flavors: r-devel-linux-x86_64-fedora-clang, r-release-macos-arm64, r-release-macos-x86_64, r-oldrel-macos-arm64, r-oldrel-macos-x86_64, r-oldrel-windows-ix86+x86_64