CRAN Package Check Results for Package RmecabKo

Last updated on 2022-05-19 09:53:22 CEST.

Flavor Version Tinstall Tcheck Ttotal Status Flags
r-devel-linux-x86_64-debian-clang 0.1.6.2 28.93 38.75 67.68 NOTE
r-devel-linux-x86_64-debian-gcc 0.1.6.2 26.20 30.61 56.81 NOTE
r-devel-linux-x86_64-fedora-clang 0.1.6.2 105.40 NOTE
r-devel-linux-x86_64-fedora-gcc 0.1.6.2 98.02 NOTE
r-devel-windows-x86_64 0.1.6.2 35.00 76.00 111.00 NOTE
r-patched-linux-x86_64 0.1.6.2 33.12 37.17 70.29 NOTE
r-release-linux-x86_64 0.1.6.2 28.74 37.58 66.32 NOTE
r-release-macos-arm64 0.1.6.2 19.00 ERROR
r-release-macos-x86_64 0.1.6.2 17.00 ERROR
r-release-windows-x86_64 0.1.6.2 38.00 76.00 114.00 NOTE
r-oldrel-macos-arm64 0.1.6.2 22.00 ERROR
r-oldrel-macos-x86_64 0.1.6.2 15.00 ERROR
r-oldrel-windows-ix86+x86_64 0.1.6.2 86.00 85.00 171.00 NOTE

Check Details

Version: 0.1.6.2
Check: LazyData
Result: NOTE
     'LazyData' is specified without a 'data' directory
Flavors: r-devel-linux-x86_64-debian-clang, r-devel-linux-x86_64-debian-gcc, r-devel-linux-x86_64-fedora-clang, r-devel-linux-x86_64-fedora-gcc, r-devel-windows-x86_64, r-patched-linux-x86_64, r-release-linux-x86_64, r-release-windows-x86_64, r-oldrel-windows-ix86+x86_64

Version: 0.1.6.2
Check: whether package can be installed
Result: ERROR
    Installation failed.
Flavors: r-release-macos-arm64, r-release-macos-x86_64, r-oldrel-macos-arm64, r-oldrel-macos-x86_64