Last updated on 2023-11-30 14:48:39 CET.
Flavor | Version | Tinstall | Tcheck | Ttotal | Status | Flags |
---|---|---|---|---|---|---|
r-devel-linux-x86_64-debian-clang | 1.2.1 | 690.27 | 109.41 | 799.68 | OK | |
r-devel-linux-x86_64-debian-gcc | 1.2.1 | 563.03 | 111.66 | 674.69 | OK | |
r-devel-linux-x86_64-fedora-clang | 1.2.1 | 997.18 | NOTE | |||
r-devel-linux-x86_64-fedora-gcc | 1.2.1 | 1346.28 | NOTE | |||
r-devel-windows-x86_64 | 1.2.1 | 509.00 | 166.00 | 675.00 | NOTE | |
r-patched-linux-x86_64 | 1.2.1 | 475.62 | 142.20 | 617.82 | OK | |
r-release-linux-x86_64 | 1.2.1 | 461.08 | 143.42 | 604.50 | OK | |
r-release-macos-arm64 | 1.2.1 | 328.00 | NOTE | |||
r-release-macos-x86_64 | 1.2.1 | 457.00 | NOTE | |||
r-release-windows-x86_64 | 1.2.1 | 680.00 | 185.00 | 865.00 | NOTE | |
r-oldrel-macos-arm64 | 1.2.1 | 331.00 | NOTE | |||
r-oldrel-macos-x86_64 | 1.2.1 | 532.00 | NOTE | |||
r-oldrel-windows-x86_64 | 1.2.1 | 625.00 | 178.00 | 803.00 | NOTE |
Version: 1.2.1
Check: installed package size
Result: NOTE
installed size is 6.7Mb
sub-directories of 1Mb or more:
libs 6.0Mb
Flavors: r-devel-linux-x86_64-fedora-clang, r-devel-windows-x86_64, r-release-macos-arm64, r-release-macos-x86_64, r-release-windows-x86_64, r-oldrel-macos-arm64, r-oldrel-macos-x86_64, r-oldrel-windows-x86_64
Version: 1.2.1
Check: Rd cross-references
Result: NOTE
Undeclared package ‘extraDistr’ in Rd xrefs
Flavor: r-devel-linux-x86_64-fedora-clang
Version: 1.2.1
Check: for GNU extensions in Makefiles
Result: NOTE
GNU make is a SystemRequirements.
Flavors: r-devel-linux-x86_64-fedora-clang, r-devel-linux-x86_64-fedora-gcc, r-release-macos-arm64, r-release-macos-x86_64, r-oldrel-macos-arm64, r-oldrel-macos-x86_64