CRAN Package Check Results for Package RprobitB

Last updated on 2022-05-18 10:53:01 CEST.

Flavor Version Tinstall Tcheck Ttotal Status Flags
r-devel-linux-x86_64-debian-clang 1.0.0 53.75 277.81 331.56 OK
r-devel-linux-x86_64-debian-gcc 1.0.0 39.72 194.69 234.41 OK
r-devel-linux-x86_64-fedora-clang 1.0.0 399.30 OK
r-devel-linux-x86_64-fedora-gcc 1.0.0 402.61 OK
r-devel-windows-x86_64 1.0.0 85.00 321.00 406.00 OK
r-patched-linux-x86_64 1.0.0 39.43 267.57 307.00 OK
r-release-linux-x86_64 1.0.0 39.60 267.92 307.52 OK
r-release-macos-arm64 1.0.0 87.00 NOTE
r-release-macos-x86_64 1.0.0 152.00 OK
r-release-windows-x86_64 1.0.0 95.00 310.00 405.00 OK
r-oldrel-macos-arm64 1.0.0 87.00 NOTE
r-oldrel-macos-x86_64 1.0.0 118.00 NOTE
r-oldrel-windows-ix86+x86_64 1.0.0 120.00 547.00 667.00 OK

Check Details

Version: 1.0.0
Check: installed package size
Result: NOTE
     installed size is 5.0Mb
     sub-directories of 1Mb or more:
     libs 4.4Mb
Flavors: r-release-macos-arm64, r-oldrel-macos-arm64, r-oldrel-macos-x86_64