Last updated on 2022-05-18 11:52:40 CEST.
Flavor | Version | Tinstall | Tcheck | Ttotal | Status | Flags |
---|---|---|---|---|---|---|
r-devel-linux-x86_64-debian-clang | 0.1.1 | 67.88 | 60.68 | 128.56 | WARN | |
r-devel-linux-x86_64-debian-gcc | 0.1.1 | 57.48 | 45.33 | 102.81 | NOTE | |
r-devel-linux-x86_64-fedora-clang | 0.1.1 | 191.98 | WARN | |||
r-devel-linux-x86_64-fedora-gcc | 0.1.1 | 180.95 | NOTE | |||
r-devel-windows-x86_64 | 0.1.1 | 87.00 | 108.00 | 195.00 | NOTE | |
r-patched-linux-x86_64 | 0.1.1 | 63.98 | 57.44 | 121.42 | NOTE | |
r-release-linux-x86_64 | 0.1.1 | 68.83 | 57.31 | 126.14 | NOTE | |
r-release-macos-arm64 | 0.1.1 | 48.00 | NOTE | |||
r-release-macos-x86_64 | 0.1.1 | 63.00 | NOTE | |||
r-release-windows-x86_64 | 0.1.1 | 74.00 | 108.00 | 182.00 | NOTE | |
r-oldrel-macos-arm64 | 0.1.1 | 71.00 | NOTE | |||
r-oldrel-macos-x86_64 | 0.1.1 | 89.00 | NOTE | |||
r-oldrel-windows-ix86+x86_64 | 0.1.1 | 191.00 | 101.00 | 292.00 | NOTE |
Version: 0.1.1
Check: whether package can be installed
Result: WARN
Found the following significant warnings:
pvt_interface.cpp:72:9: warning: use of bitwise '&' with boolean operands [-Wbitwise-instead-of-logical]
pvt_interface.cpp:74:16: warning: use of bitwise '&' with boolean operands [-Wbitwise-instead-of-logical]
pvt_interface.cpp:76:16: warning: use of bitwise '&' with boolean operands [-Wbitwise-instead-of-logical]
pvt_interface.cpp:82:9: warning: use of bitwise '&' with boolean operands [-Wbitwise-instead-of-logical]
pvt_interface.cpp:86:16: warning: use of bitwise '&' with boolean operands [-Wbitwise-instead-of-logical]
pvt_interface.cpp:89:16: warning: use of bitwise '&' with boolean operands [-Wbitwise-instead-of-logical]
pvt_interface.cpp:194:9: warning: use of bitwise '&' with boolean operands [-Wbitwise-instead-of-logical]
pvt_interface.cpp:196:16: warning: use of bitwise '&' with boolean operands [-Wbitwise-instead-of-logical]
pvt_interface.cpp:198:16: warning: use of bitwise '&' with boolean operands [-Wbitwise-instead-of-logical]
pvt_interface.cpp:204:9: warning: use of bitwise '&' with boolean operands [-Wbitwise-instead-of-logical]
pvt_interface.cpp:208:16: warning: use of bitwise '&' with boolean operands [-Wbitwise-instead-of-logical]
pvt_interface.cpp:211:16: warning: use of bitwise '&' with boolean operands [-Wbitwise-instead-of-logical]
pvt_interface.cpp:384:9: warning: use of bitwise '&' with boolean operands [-Wbitwise-instead-of-logical]
pvt_interface.cpp:386:16: warning: use of bitwise '&' with boolean operands [-Wbitwise-instead-of-logical]
pvt_interface.cpp:388:16: warning: use of bitwise '&' with boolean operands [-Wbitwise-instead-of-logical]
pvt_interface.cpp:394:9: warning: use of bitwise '&' with boolean operands [-Wbitwise-instead-of-logical]
pvt_interface.cpp:398:16: warning: use of bitwise '&' with boolean operands [-Wbitwise-instead-of-logical]
pvt_interface.cpp:401:16: warning: use of bitwise '&' with boolean operands [-Wbitwise-instead-of-logical]
Flavors: r-devel-linux-x86_64-debian-clang, r-devel-linux-x86_64-fedora-clang
Version: 0.1.1
Check: LazyData
Result: NOTE
'LazyData' is specified without a 'data' directory
Flavors: r-devel-linux-x86_64-debian-clang, r-devel-linux-x86_64-debian-gcc, r-devel-linux-x86_64-fedora-clang, r-devel-linux-x86_64-fedora-gcc, r-devel-windows-x86_64, r-patched-linux-x86_64, r-release-linux-x86_64, r-release-macos-arm64, r-release-macos-x86_64, r-release-windows-x86_64, r-oldrel-macos-arm64, r-oldrel-macos-x86_64, r-oldrel-windows-ix86+x86_64