CRAN Package Check Results for Package Rsconctdply

Last updated on 2022-06-29 00:51:25 CEST.

Flavor Version Tinstall Tcheck Ttotal Status Flags
r-devel-linux-x86_64-debian-clang 0.1.3 2.11 19.88 21.99 NOTE
r-devel-linux-x86_64-debian-gcc 0.1.3 1.27 15.85 17.12 NOTE
r-devel-linux-x86_64-fedora-clang 0.1.3 37.74 NOTE
r-devel-linux-x86_64-fedora-gcc 0.1.3 37.21 NOTE
r-devel-windows-x86_64 0.1.3 12.00 47.00 59.00 NOTE
r-patched-linux-x86_64 0.1.3 1.97 19.72 21.69 NOTE
r-release-linux-x86_64 0.1.3 1.72 19.65 21.37 NOTE
r-release-macos-arm64 0.1.3 15.00 NOTE
r-release-macos-x86_64 0.1.3 26.00 NOTE
r-release-windows-x86_64 0.1.3 11.00 44.00 55.00 NOTE
r-oldrel-macos-arm64 0.1.3 16.00 NOTE
r-oldrel-macos-x86_64 0.1.3 26.00 NOTE
r-oldrel-windows-ix86+x86_64 0.1.3 5.00 38.00 43.00 NOTE

Check Details

Version: 0.1.3
Check: LazyData
Result: NOTE
     'LazyData' is specified without a 'data' directory
Flavors: r-devel-linux-x86_64-debian-clang, r-devel-linux-x86_64-debian-gcc, r-devel-linux-x86_64-fedora-clang, r-devel-linux-x86_64-fedora-gcc, r-devel-windows-x86_64, r-patched-linux-x86_64, r-release-linux-x86_64, r-release-macos-arm64, r-release-macos-x86_64, r-release-windows-x86_64, r-oldrel-macos-arm64, r-oldrel-macos-x86_64, r-oldrel-windows-ix86+x86_64

Version: 0.1.3
Check: dependencies in R code
Result: NOTE
    Namespace in Imports field not imported from: ‘dplyr’
     All declared Imports should be used.
Flavors: r-devel-linux-x86_64-fedora-clang, r-devel-linux-x86_64-fedora-gcc, r-release-macos-arm64, r-release-macos-x86_64, r-oldrel-macos-arm64, r-oldrel-macos-x86_64