CRAN Package Check Results for Package Rsomoclu

Last updated on 2024-03-01 07:53:01 CET.

Flavor Version Tinstall Tcheck Ttotal Status Flags
r-devel-linux-x86_64-debian-clang 1.7.6 24.18 48.73 72.91 NOTE
r-devel-linux-x86_64-debian-gcc 1.7.6 18.57 37.12 55.69 NOTE
r-devel-linux-x86_64-fedora-clang 1.7.6 107.41 NOTE
r-devel-linux-x86_64-fedora-gcc 1.7.6 92.11 NOTE
r-devel-windows-x86_64 1.7.6 24.00 94.00 118.00 NOTE
r-patched-linux-x86_64 1.7.6 22.10 47.72 69.82 NOTE
r-release-linux-x86_64 1.7.6 22.37 47.39 69.76 NOTE
r-release-macos-arm64 1.7.6 32.00 NOTE
r-release-macos-x86_64 1.7.6 56.00 NOTE
r-release-windows-x86_64 1.7.6 27.00 120.00 147.00 NOTE
r-oldrel-macos-arm64 1.7.6 33.00 OK
r-oldrel-windows-x86_64 1.7.6 30.00 91.00 121.00 OK

Check Details

Version: 1.7.6
Check: C++ specification
Result: NOTE Specified C++11: please drop specification unless essential Flavors: r-devel-linux-x86_64-debian-clang, r-devel-linux-x86_64-debian-gcc, r-devel-linux-x86_64-fedora-clang, r-devel-linux-x86_64-fedora-gcc, r-devel-windows-x86_64, r-patched-linux-x86_64, r-release-linux-x86_64, r-release-macos-arm64, r-release-macos-x86_64, r-release-windows-x86_64