Last updated on 2023-01-28 16:51:29 CET.
Flavor | Version | Tinstall | Tcheck | Ttotal | Status | Flags |
---|---|---|---|---|---|---|
r-devel-linux-x86_64-debian-clang | 1.7.6 | 20.66 | 51.52 | 72.18 | OK | |
r-devel-linux-x86_64-debian-gcc | 1.7.6 | 18.14 | 37.70 | 55.84 | NOTE | |
r-devel-linux-x86_64-fedora-clang | 1.7.6 | 108.32 | OK | |||
r-devel-linux-x86_64-fedora-gcc | 1.7.6 | 88.75 | NOTE | |||
r-devel-windows-x86_64 | 1.7.6 | 35.00 | 90.00 | 125.00 | OK | |
r-patched-linux-x86_64 | 1.7.6 | 18.22 | 47.66 | 65.88 | OK | |
r-release-linux-x86_64 | 1.7.6 | 19.35 | 48.05 | 67.40 | OK | |
r-release-macos-arm64 | 1.7.6 | 30.00 | OK | |||
r-release-macos-x86_64 | 1.7.6 | 44.00 | OK | |||
r-release-windows-x86_64 | 1.7.6 | 31.00 | 106.00 | 137.00 | OK | |
r-oldrel-macos-arm64 | 1.7.6 | 30.00 | OK | |||
r-oldrel-macos-x86_64 | 1.7.6 | 49.00 | OK | |||
r-oldrel-windows-ix86+x86_64 | 1.7.6 | 69.00 | 138.00 | 207.00 | OK |
Version: 1.7.6
Check: C++ specification
Result: NOTE
Specified C++11: please update to current default of C++17
Flavors: r-devel-linux-x86_64-debian-gcc, r-devel-linux-x86_64-fedora-gcc