CRAN Package Check Results for Package Rspotify

Last updated on 2022-05-21 16:49:12 CEST.

Flavor Version Tinstall Tcheck Ttotal Status Flags
r-devel-linux-x86_64-debian-clang 0.1.2 1.91 32.11 34.02 NOTE
r-devel-linux-x86_64-debian-gcc 0.1.2 1.28 24.95 26.23 NOTE
r-devel-linux-x86_64-fedora-clang 0.1.2 42.08 NOTE
r-devel-linux-x86_64-fedora-gcc 0.1.2 41.84 NOTE
r-devel-windows-x86_64 0.1.2 15.00 51.00 66.00 NOTE
r-patched-linux-x86_64 0.1.2 2.56 31.39 33.95 NOTE
r-release-linux-x86_64 0.1.2 1.69 30.62 32.31 NOTE
r-release-macos-arm64 0.1.2 15.00 NOTE
r-release-macos-x86_64 0.1.2 25.00 NOTE
r-release-windows-x86_64 0.1.2 15.00 47.00 62.00 NOTE
r-oldrel-macos-arm64 0.1.2 19.00 NOTE
r-oldrel-macos-x86_64 0.1.2 21.00 NOTE
r-oldrel-windows-ix86+x86_64 0.1.2 7.00 43.00 50.00 NOTE

Check Details

Version: 0.1.2
Check: LazyData
Result: NOTE
     'LazyData' is specified without a 'data' directory
Flavors: r-devel-linux-x86_64-debian-clang, r-devel-linux-x86_64-debian-gcc, r-devel-linux-x86_64-fedora-clang, r-devel-linux-x86_64-fedora-gcc, r-devel-windows-x86_64, r-patched-linux-x86_64, r-release-linux-x86_64, r-release-macos-arm64, r-release-macos-x86_64, r-release-windows-x86_64, r-oldrel-macos-arm64, r-oldrel-macos-x86_64, r-oldrel-windows-ix86+x86_64

Version: 0.1.2
Check: dependencies in R code
Result: NOTE
    Namespace in Imports field not imported from: ‘magrittr’
     All declared Imports should be used.
Flavors: r-devel-linux-x86_64-fedora-clang, r-devel-linux-x86_64-fedora-gcc, r-release-macos-arm64, r-release-macos-x86_64, r-oldrel-macos-arm64, r-oldrel-macos-x86_64