CRAN Package Check Results for Package RtD3

Last updated on 2022-05-19 16:50:01 CEST.

Flavor Version Tinstall Tcheck Ttotal Status Flags
r-devel-linux-x86_64-debian-clang 0.0.1 3.20 48.20 51.40 NOTE
r-devel-linux-x86_64-debian-gcc 0.0.1 2.52 36.15 38.67 NOTE
r-devel-linux-x86_64-fedora-clang 0.0.1 62.09 NOTE
r-devel-linux-x86_64-fedora-gcc 0.0.1 60.95 NOTE
r-devel-windows-x86_64 0.0.1 24.00 71.00 95.00 NOTE
r-patched-linux-x86_64 0.0.1 3.82 45.13 48.95 NOTE
r-release-linux-x86_64 0.0.1 2.15 44.61 46.76 NOTE
r-release-macos-arm64 0.0.1 24.00 NOTE
r-release-macos-x86_64 0.0.1 31.00 NOTE
r-release-windows-x86_64 0.0.1 28.00 72.00 100.00 NOTE
r-oldrel-macos-arm64 0.0.1 28.00 NOTE
r-oldrel-macos-x86_64 0.0.1 36.00 NOTE
r-oldrel-windows-ix86+x86_64 0.0.1 8.00 59.00 67.00 NOTE

Check Details

Version: 0.0.1
Check: LazyData
Result: NOTE
     'LazyData' is specified without a 'data' directory
Flavors: r-devel-linux-x86_64-debian-clang, r-devel-linux-x86_64-debian-gcc, r-devel-linux-x86_64-fedora-clang, r-devel-linux-x86_64-fedora-gcc, r-devel-windows-x86_64, r-patched-linux-x86_64, r-release-linux-x86_64, r-release-macos-arm64, r-release-macos-x86_64, r-release-windows-x86_64, r-oldrel-macos-arm64, r-oldrel-macos-x86_64, r-oldrel-windows-ix86+x86_64