CRAN Package Check Results for Package Rthingsboard

Last updated on 2023-11-30 15:48:29 CET.

Flavor Version Tinstall Tcheck Ttotal Status Flags
r-devel-linux-x86_64-debian-clang 0.2.7 5.07 41.88 46.95 OK
r-devel-linux-x86_64-debian-gcc 0.2.7 3.86 31.77 35.63 OK
r-devel-linux-x86_64-fedora-clang 0.2.7 58.35 NOTE
r-devel-linux-x86_64-fedora-gcc 0.2.7 55.47 NOTE
r-devel-windows-x86_64 0.2.7 6.00 54.00 60.00 OK
r-patched-linux-x86_64 0.2.7 4.32 40.43 44.75 OK
r-release-linux-x86_64 0.2.7 5.26 39.83 45.09 OK
r-release-macos-arm64 0.2.7 21.00 OK
r-release-macos-x86_64 0.2.7 31.00 OK
r-release-windows-x86_64 0.2.7 8.00 56.00 64.00 OK
r-oldrel-macos-arm64 0.2.7 22.00 NOTE
r-oldrel-macos-x86_64 0.2.7 43.00 NOTE
r-oldrel-windows-x86_64 0.2.7 8.00 60.00 68.00 OK

Check Details

Version: 0.2.7
Check: dependencies in R code
Result: NOTE Namespaces in Imports field not imported from: ‘httr’ ‘logger’ All declared Imports should be used. Flavors: r-devel-linux-x86_64-fedora-clang, r-devel-linux-x86_64-fedora-gcc, r-oldrel-macos-arm64, r-oldrel-macos-x86_64