CRAN Package Check Results for Package Rthingsboard

Last updated on 2023-02-08 17:52:41 CET.

Flavor Version Tinstall Tcheck Ttotal Status Flags
r-devel-linux-x86_64-debian-clang 0.2.7 5.17 42.33 47.50 OK
r-devel-linux-x86_64-debian-gcc 0.2.7 4.46 31.91 36.37 OK
r-devel-linux-x86_64-fedora-clang 0.2.7 65.33 NOTE
r-devel-linux-x86_64-fedora-gcc 0.2.7 56.95 NOTE
r-devel-windows-x86_64 0.2.7 31.00 78.00 109.00 OK
r-patched-linux-x86_64 0.2.7 5.36 42.06 47.42 OK
r-release-linux-x86_64 0.2.7 5.58 41.94 47.52 OK
r-release-macos-arm64 0.2.7 22.00 NOTE
r-release-macos-x86_64 0.2.7 43.00 NOTE
r-release-windows-x86_64 0.2.7 25.00 83.00 108.00 OK
r-oldrel-macos-arm64 0.2.7 24.00 NOTE
r-oldrel-macos-x86_64 0.2.7 30.00 NOTE
r-oldrel-windows-ix86+x86_64 0.2.7 15.00 64.00 79.00 OK

Check Details

Version: 0.2.7
Check: dependencies in R code
Result: NOTE
    Namespaces in Imports field not imported from:
     ‘httr’ ‘logger’
     All declared Imports should be used.
Flavors: r-devel-linux-x86_64-fedora-clang, r-devel-linux-x86_64-fedora-gcc, r-release-macos-arm64, r-release-macos-x86_64, r-oldrel-macos-arm64, r-oldrel-macos-x86_64