Last updated on 2022-05-19 01:49:54 CEST.
Flavor | Version | Tinstall | Tcheck | Ttotal | Status | Flags |
---|---|---|---|---|---|---|
r-devel-linux-x86_64-debian-clang | 0.21 | 777.67 | 60.42 | 838.09 | OK | |
r-devel-linux-x86_64-debian-gcc | 0.21 | 659.08 | 51.52 | 710.60 | OK | |
r-devel-linux-x86_64-fedora-clang | 0.21 | 1322.51 | NOTE | |||
r-devel-linux-x86_64-fedora-gcc | 0.21 | 1208.58 | OK | |||
r-devel-windows-x86_64 | 0.21 | 701.00 | 132.00 | 833.00 | OK | |
r-patched-linux-x86_64 | 0.21 | 707.58 | 65.07 | 772.65 | OK | |
r-release-linux-x86_64 | 0.21 | 708.50 | 63.89 | 772.39 | OK | |
r-release-macos-arm64 | 0.21 | 244.00 | NOTE | |||
r-release-macos-x86_64 | 0.21 | 309.00 | NOTE | |||
r-release-windows-x86_64 | 0.21 | 680.00 | 141.00 | 821.00 | OK | |
r-oldrel-macos-arm64 | 0.21 | 229.00 | NOTE | |||
r-oldrel-macos-x86_64 | 0.21 | 291.00 | NOTE | |||
r-oldrel-windows-ix86+x86_64 | 0.21 | 1843.00 | 164.00 | 2007.00 | NOTE |
Version: 0.21
Check: installed package size
Result: NOTE
installed size is 44.3Mb
sub-directories of 1Mb or more:
libs 43.1Mb
Flavors: r-devel-linux-x86_64-fedora-clang, r-release-macos-arm64, r-release-macos-x86_64, r-oldrel-macos-arm64, r-oldrel-macos-x86_64, r-oldrel-windows-ix86+x86_64