Last updated on 2023-05-30 16:00:44 CEST.
Flavor | Version | Tinstall | Tcheck | Ttotal | Status | Flags |
---|---|---|---|---|---|---|
r-devel-linux-x86_64-debian-clang | 0.8-3 | 75.34 | 63.78 | 139.12 | NOTE | |
r-devel-linux-x86_64-debian-gcc | 0.8-3 | 70.14 | 49.25 | 119.39 | NOTE | |
r-devel-linux-x86_64-fedora-clang | 0.8-3 | 219.60 | NOTE | |||
r-devel-linux-x86_64-fedora-gcc | 0.8-3 | 222.16 | NOTE | |||
r-devel-windows-x86_64 | 0.8-3 | 67.00 | 93.00 | 160.00 | NOTE | |
r-patched-linux-x86_64 | 0.8-3 | 74.28 | 61.27 | 135.55 | NOTE | |
r-release-linux-x86_64 | 0.8-3 | 72.19 | 61.96 | 134.15 | NOTE | |
r-release-macos-arm64 | 0.8-3 | 57.00 | NOTE | |||
r-release-macos-x86_64 | 0.8-3 | 92.00 | NOTE | |||
r-release-windows-x86_64 | 0.8-3 | 84.00 | 110.00 | 194.00 | NOTE | |
r-oldrel-macos-arm64 | 0.8-3 | 52.00 | NOTE | |||
r-oldrel-macos-x86_64 | 0.8-3 | 68.00 | NOTE | |||
r-oldrel-windows-x86_64 | 0.8-3 | 77.00 | 107.00 | 184.00 | OK |
Version: 0.8-3
Check: C++ specification
Result: NOTE
Specified C++11: please drop specification unless essential
Flavors: r-devel-linux-x86_64-debian-clang, r-devel-linux-x86_64-debian-gcc, r-devel-linux-x86_64-fedora-clang, r-devel-linux-x86_64-fedora-gcc, r-devel-windows-x86_64, r-patched-linux-x86_64, r-release-linux-x86_64, r-release-macos-arm64, r-release-macos-x86_64, r-release-windows-x86_64
Version: 0.8-3
Check: installed package size
Result: NOTE
installed size is 11.0Mb
sub-directories of 1Mb or more:
libs 10.1Mb
Flavors: r-release-macos-arm64, r-release-macos-x86_64, r-oldrel-macos-arm64, r-oldrel-macos-x86_64