Last updated on 2022-06-30 02:52:35 CEST.
Flavor | Version | Tinstall | Tcheck | Ttotal | Status | Flags |
---|---|---|---|---|---|---|
r-devel-linux-x86_64-debian-clang | 0.8-3 | 72.60 | 66.49 | 139.09 | OK | |
r-devel-linux-x86_64-debian-gcc | 0.8-3 | 69.71 | 49.98 | 119.69 | OK | |
r-devel-linux-x86_64-fedora-clang | 0.8-3 | 215.40 | NOTE | |||
r-devel-linux-x86_64-fedora-gcc | 0.8-3 | 207.47 | OK | |||
r-devel-windows-x86_64 | 0.8-3 | 102.00 | 124.00 | 226.00 | OK | |
r-patched-linux-x86_64 | 0.8-3 | 75.42 | 64.76 | 140.18 | OK | |
r-release-linux-x86_64 | 0.8-3 | 73.71 | 63.97 | 137.68 | OK | |
r-release-macos-arm64 | 0.8-3 | 47.00 | NOTE | |||
r-release-macos-x86_64 | 0.8-3 | 68.00 | NOTE | |||
r-release-windows-x86_64 | 0.8-3 | 103.00 | 124.00 | 227.00 | OK | |
r-oldrel-macos-arm64 | 0.8-3 | 48.00 | NOTE | |||
r-oldrel-macos-x86_64 | 0.8-3 | 65.00 | NOTE | |||
r-oldrel-windows-ix86+x86_64 | 0.8-3 | 191.00 | 128.00 | 319.00 | OK |
Version: 0.8-3
Check: installed package size
Result: NOTE
installed size is 7.8Mb
sub-directories of 1Mb or more:
libs 6.8Mb
Flavors: r-devel-linux-x86_64-fedora-clang, r-release-macos-arm64, r-release-macos-x86_64, r-oldrel-macos-arm64, r-oldrel-macos-x86_64