Last updated on 2022-05-18 20:53:38 CEST.
Flavor | Version | Tinstall | Tcheck | Ttotal | Status | Flags |
---|---|---|---|---|---|---|
r-devel-linux-x86_64-debian-clang | 2.0.1 | 289.50 | 933.78 | 1223.28 | OK | |
r-devel-linux-x86_64-debian-gcc | 2.0.1 | 224.22 | 638.78 | 863.00 | OK | |
r-devel-linux-x86_64-fedora-clang | 2.0.1 | 1392.42 | NOTE | |||
r-devel-linux-x86_64-fedora-gcc | 2.0.1 | 1483.02 | OK | |||
r-devel-windows-x86_64 | 2.0.1 | 214.00 | 673.00 | 887.00 | NOTE | |
r-patched-linux-x86_64 | 2.0.1 | 260.27 | 868.16 | 1128.43 | OK | |
r-release-linux-x86_64 | 2.0.1 | 262.89 | 868.33 | 1131.22 | OK | |
r-release-macos-arm64 | 2.0.1 | 294.00 | NOTE | |||
r-release-macos-x86_64 | 2.0.1 | 489.00 | NOTE | |||
r-release-windows-x86_64 | 2.0.1 | 211.00 | 659.00 | 870.00 | NOTE | |
r-oldrel-macos-arm64 | 2.0.1 | 232.00 | NOTE | |||
r-oldrel-macos-x86_64 | 2.0.1 | 345.00 | NOTE | |||
r-oldrel-windows-ix86+x86_64 | 2.0.1 | 426.00 | 766.00 | 1192.00 | NOTE |
Version: 2.0.1
Check: installed package size
Result: NOTE
installed size is 7.9Mb
sub-directories of 1Mb or more:
R 7.2Mb
Flavors: r-devel-linux-x86_64-fedora-clang, r-devel-windows-x86_64, r-release-macos-arm64, r-release-macos-x86_64, r-release-windows-x86_64, r-oldrel-macos-arm64, r-oldrel-macos-x86_64, r-oldrel-windows-ix86+x86_64