CRAN Package Check Results for Package SELF

Last updated on 2022-05-19 00:53:01 CEST.

Flavor Version Tinstall Tcheck Ttotal Status Flags
r-devel-linux-x86_64-debian-clang 0.1.1 28.63 88.10 116.73 NOTE
r-devel-linux-x86_64-debian-gcc 0.1.1 19.50 65.18 84.68 NOTE
r-devel-linux-x86_64-fedora-clang 0.1.1 141.10 NOTE
r-devel-linux-x86_64-fedora-gcc 0.1.1 136.77 NOTE
r-devel-windows-x86_64 0.1.1 24.00 110.00 134.00 NOTE
r-patched-linux-x86_64 0.1.1 22.30 81.69 103.99 NOTE
r-release-linux-x86_64 0.1.1 23.22 81.64 104.86 NOTE
r-release-macos-arm64 0.1.1 40.00 NOTE
r-release-macos-x86_64 0.1.1 50.00 NOTE
r-release-windows-x86_64 0.1.1 31.00 111.00 142.00 NOTE
r-oldrel-macos-arm64 0.1.1 45.00 NOTE
r-oldrel-macos-x86_64 0.1.1 76.00 NOTE
r-oldrel-windows-ix86+x86_64 0.1.1 61.00 129.00 190.00 NOTE

Check Details

Version: 0.1.1
Check: LazyData
Result: NOTE
     'LazyData' is specified without a 'data' directory
Flavors: r-devel-linux-x86_64-debian-clang, r-devel-linux-x86_64-debian-gcc, r-devel-linux-x86_64-fedora-clang, r-devel-linux-x86_64-fedora-gcc, r-devel-windows-x86_64, r-patched-linux-x86_64, r-release-linux-x86_64, r-release-macos-arm64, r-release-macos-x86_64, r-release-windows-x86_64, r-oldrel-macos-arm64, r-oldrel-macos-x86_64, r-oldrel-windows-ix86+x86_64