CRAN Package Check Results for Package SFtools

Last updated on 2023-05-30 16:00:45 CEST.

Flavor Version Tinstall Tcheck Ttotal Status Flags
r-devel-linux-x86_64-debian-clang 0.1.0 7.18 77.02 84.20 NOTE
r-devel-linux-x86_64-debian-gcc 0.1.0 7.30 59.98 67.28 NOTE
r-devel-linux-x86_64-fedora-clang 0.1.0 120.52 NOTE
r-devel-linux-x86_64-fedora-gcc 0.1.0 120.10 NOTE
r-devel-windows-x86_64 0.1.0 8.00 79.00 87.00 NOTE
r-patched-linux-x86_64 0.1.0 6.78 74.62 81.40 NOTE
r-release-linux-x86_64 0.1.0 9.16 74.13 83.29 NOTE
r-release-macos-arm64 0.1.0 41.00 NOTE
r-release-macos-x86_64 0.1.0 57.00 NOTE
r-release-windows-x86_64 0.1.0 10.00 93.00 103.00 NOTE
r-oldrel-macos-arm64 0.1.0 30.00 NOTE
r-oldrel-macos-x86_64 0.1.0 48.00 NOTE
r-oldrel-windows-x86_64 0.1.0 10.00 93.00 103.00 NOTE

Check Details

Version: 0.1.0
Check: LazyData
Result: NOTE
     'LazyData' is specified without a 'data' directory
Flavors: r-devel-linux-x86_64-debian-clang, r-devel-linux-x86_64-debian-gcc, r-devel-linux-x86_64-fedora-clang, r-devel-linux-x86_64-fedora-gcc, r-devel-windows-x86_64, r-patched-linux-x86_64, r-release-linux-x86_64, r-release-macos-arm64, r-release-macos-x86_64, r-release-windows-x86_64, r-oldrel-macos-arm64, r-oldrel-macos-x86_64, r-oldrel-windows-x86_64