CRAN Package Check Results for Package SFtools

Last updated on 2022-05-26 12:53:51 CEST.

Flavor Version Tinstall Tcheck Ttotal Status Flags
r-devel-linux-x86_64-debian-clang 0.1.0 8.91 79.98 88.89 NOTE
r-devel-linux-x86_64-debian-gcc 0.1.0 7.72 72.59 80.31 NOTE
r-devel-linux-x86_64-fedora-clang 0.1.0 107.53 NOTE
r-devel-linux-x86_64-fedora-gcc 0.1.0 105.55 NOTE
r-devel-windows-x86_64 0.1.0 15.00 101.00 116.00 NOTE
r-patched-linux-x86_64 0.1.0 8.42 78.74 87.16 NOTE
r-release-linux-x86_64 0.1.0 NOTE
r-release-macos-arm64 0.1.0 30.00 NOTE
r-release-macos-x86_64 0.1.0 48.00 NOTE
r-release-windows-x86_64 0.1.0 16.00 105.00 121.00 NOTE
r-oldrel-macos-arm64 0.1.0 40.00 NOTE
r-oldrel-macos-x86_64 0.1.0 66.00 NOTE
r-oldrel-windows-ix86+x86_64 0.1.0 20.00 93.00 113.00 NOTE

Check Details

Version: 0.1.0
Check: LazyData
Result: NOTE
     'LazyData' is specified without a 'data' directory
Flavors: r-devel-linux-x86_64-debian-clang, r-devel-linux-x86_64-debian-gcc, r-devel-linux-x86_64-fedora-clang, r-devel-linux-x86_64-fedora-gcc, r-devel-windows-x86_64, r-patched-linux-x86_64, r-release-linux-x86_64, r-release-macos-arm64, r-release-macos-x86_64, r-release-windows-x86_64, r-oldrel-macos-arm64, r-oldrel-macos-x86_64, r-oldrel-windows-ix86+x86_64