Last updated on 2022-05-28 17:50:47 CEST.
Flavor | Version | Tinstall | Tcheck | Ttotal | Status | Flags |
---|---|---|---|---|---|---|
r-devel-linux-x86_64-debian-clang | 25.0-0.0 | 73.01 | 72.52 | 145.53 | OK | |
r-devel-linux-x86_64-debian-gcc | 25.0-0.0 | 64.30 | 56.37 | 120.67 | OK | |
r-devel-linux-x86_64-fedora-clang | 26.0-0.0 | 199.27 | NOTE | |||
r-devel-linux-x86_64-fedora-gcc | 26.0-0.0 | 198.46 | OK | |||
r-devel-windows-x86_64 | 26.0-0.0 | 81.00 | 112.00 | 193.00 | NOTE | |
r-patched-linux-x86_64 | 25.0-0.0 | 76.54 | 68.06 | 144.60 | OK | |
r-release-linux-x86_64 | 25.0-0.0 | 72.68 | 67.64 | 140.32 | OK | |
r-release-macos-arm64 | 25.0-0.0 | 83.00 | NOTE | |||
r-release-macos-x86_64 | 25.0-0.0 | 85.00 | NOTE | |||
r-release-windows-x86_64 | 25.0-0.0 | 72.00 | 121.00 | 193.00 | NOTE | |
r-oldrel-macos-arm64 | 25.0-0.0 | 102.00 | NOTE | |||
r-oldrel-macos-x86_64 | 25.0-0.0 | 95.00 | NOTE | |||
r-oldrel-windows-ix86+x86_64 | 25.0-0.0 | 109.00 | 89.00 | 198.00 | NOTE |
Version: 26.0-0.0
Check: installed package size
Result: NOTE
installed size is 6.9Mb
sub-directories of 1Mb or more:
data 6.7Mb
Flavors: r-devel-linux-x86_64-fedora-clang, r-devel-windows-x86_64
Version: 25.0-0.0
Check: installed package size
Result: NOTE
installed size is 8.2Mb
sub-directories of 1Mb or more:
data 8.1Mb
Flavors: r-release-macos-arm64, r-release-macos-x86_64, r-release-windows-x86_64, r-oldrel-macos-arm64, r-oldrel-macos-x86_64, r-oldrel-windows-ix86+x86_64