Last updated on 2022-05-18 07:49:09 CEST.
Flavor | Version | Tinstall | Tcheck | Ttotal | Status | Flags |
---|---|---|---|---|---|---|
r-devel-linux-x86_64-debian-clang | 0.2.0 | 2.08 | 32.35 | 34.43 | NOTE | |
r-devel-linux-x86_64-debian-gcc | 0.2.0 | 1.55 | 26.03 | 27.58 | NOTE | |
r-devel-linux-x86_64-fedora-clang | 0.2.0 | 42.05 | NOTE | |||
r-devel-linux-x86_64-fedora-gcc | 0.2.0 | 42.47 | NOTE | |||
r-devel-windows-x86_64 | 0.2.0 | 13.00 | 57.00 | 70.00 | NOTE | |
r-patched-linux-x86_64 | 0.2.0 | 1.37 | 32.11 | 33.48 | NOTE | |
r-release-linux-x86_64 | 0.2.0 | 2.24 | 31.72 | 33.96 | NOTE | |
r-release-macos-arm64 | 0.2.0 | 16.00 | NOTE | |||
r-release-macos-x86_64 | 0.2.0 | 23.00 | NOTE | |||
r-release-windows-x86_64 | 0.2.0 | 11.00 | 53.00 | 64.00 | NOTE | |
r-oldrel-macos-arm64 | 0.2.0 | 17.00 | NOTE | |||
r-oldrel-macos-x86_64 | 0.2.0 | 29.00 | NOTE | |||
r-oldrel-windows-ix86+x86_64 | 0.2.0 | 6.00 | 48.00 | 54.00 | NOTE |
Version: 0.2.0
Check: LazyData
Result: NOTE
'LazyData' is specified without a 'data' directory
Flavors: r-devel-linux-x86_64-debian-clang, r-devel-linux-x86_64-debian-gcc, r-devel-linux-x86_64-fedora-clang, r-devel-linux-x86_64-fedora-gcc, r-devel-windows-x86_64, r-patched-linux-x86_64, r-release-linux-x86_64, r-release-macos-arm64, r-release-macos-x86_64, r-release-windows-x86_64, r-oldrel-macos-arm64, r-oldrel-macos-x86_64, r-oldrel-windows-ix86+x86_64