CRAN Package Check Results for Package SIBERG

Last updated on 2022-05-16 06:52:35 CEST.

Flavor Version Tinstall Tcheck Ttotal Status Flags
r-devel-linux-x86_64-debian-clang 2.0.3 2.81 40.77 43.58 NOTE
r-devel-linux-x86_64-debian-gcc 2.0.3 2.13 31.76 33.89 NOTE
r-devel-linux-x86_64-fedora-clang 2.0.3 57.61 OK
r-devel-linux-x86_64-fedora-gcc 2.0.3 58.07 OK
r-devel-windows-x86_64 2.0.3 13.00 77.00 90.00 OK
r-patched-linux-x86_64 2.0.3 2.58 40.57 43.15 OK
r-release-linux-x86_64 2.0.3 2.34 39.87 42.21 OK
r-release-macos-arm64 2.0.3 20.00 OK
r-release-macos-x86_64 2.0.3 30.00 OK
r-release-windows-x86_64 2.0.3 16.00 75.00 91.00 OK
r-oldrel-macos-arm64 2.0.3 18.00 OK
r-oldrel-macos-x86_64 2.0.3 32.00 OK
r-oldrel-windows-ix86+x86_64 2.0.3 6.00 56.00 62.00 OK

Check Details

Version: 2.0.3
Check: package dependencies
Result: NOTE
    Package suggested but not available for checking: 'edgeR'
Flavors: r-devel-linux-x86_64-debian-clang, r-devel-linux-x86_64-debian-gcc