CRAN Package Check Results for Package SIfEK

Last updated on 2022-05-19 09:53:24 CEST.

Flavor Version Tinstall Tcheck Ttotal Status Flags
r-devel-linux-x86_64-debian-clang 0.1.0 6.79 63.41 70.20 NOTE
r-devel-linux-x86_64-debian-gcc 0.1.0 4.63 46.42 51.05 NOTE
r-devel-linux-x86_64-fedora-clang 0.1.0 80.89 NOTE
r-devel-linux-x86_64-fedora-gcc 0.1.0 86.01 NOTE
r-devel-windows-x86_64 0.1.0 12.00 71.00 83.00 OK
r-patched-linux-x86_64 0.1.0 6.21 61.94 68.15 NOTE
r-release-linux-x86_64 0.1.0 5.72 62.05 67.77 NOTE
r-release-macos-arm64 0.1.0 25.00 OK
r-release-macos-x86_64 0.1.0 31.00 OK
r-release-windows-x86_64 0.1.0 13.00 79.00 92.00 OK
r-oldrel-macos-arm64 0.1.0 30.00 OK
r-oldrel-macos-x86_64 0.1.0 42.00 OK
r-oldrel-windows-ix86+x86_64 0.1.0 10.00 75.00 85.00 OK

Check Details

Version: 0.1.0
Check: for non-standard things in the check directory
Result: NOTE
    Found the following files/directories:
     'MM.csv' 'Simul.csv' 'catalytic.csv'
Flavors: r-devel-linux-x86_64-debian-clang, r-devel-linux-x86_64-debian-gcc, r-devel-linux-x86_64-fedora-clang, r-devel-linux-x86_64-fedora-gcc, r-patched-linux-x86_64, r-release-linux-x86_64