Last updated on 2022-05-18 14:49:10 CEST.
Flavor | Version | Tinstall | Tcheck | Ttotal | Status | Flags |
---|---|---|---|---|---|---|
r-devel-linux-x86_64-debian-clang | 0.4.1 | 163.61 | 171.89 | 335.50 | OK | |
r-devel-linux-x86_64-debian-gcc | 0.4.1 | 149.92 | 124.78 | 274.70 | OK | |
r-devel-linux-x86_64-fedora-clang | 0.4.1 | 497.14 | NOTE | |||
r-devel-linux-x86_64-fedora-gcc | 0.4.1 | 466.36 | OK | |||
r-devel-windows-x86_64 | 0.4.1 | 181.00 | 237.00 | 418.00 | OK | |
r-patched-linux-x86_64 | 0.4.1 | 151.00 | 163.95 | 314.95 | OK | |
r-release-linux-x86_64 | 0.4.1 | 163.29 | 166.59 | 329.88 | OK | |
r-release-macos-arm64 | 0.4.1 | 114.00 | NOTE | |||
r-release-macos-x86_64 | 0.4.1 | 147.00 | NOTE | |||
r-release-windows-x86_64 | 0.4.1 | 164.00 | 235.00 | 399.00 | OK | |
r-oldrel-macos-arm64 | 0.4.1 | 110.00 | NOTE | |||
r-oldrel-macos-x86_64 | 0.4.1 | 143.00 | NOTE | |||
r-oldrel-windows-ix86+x86_64 | 0.4.1 | 429.00 | 358.00 | 787.00 | OK |
Version: 0.4.1
Check: installed package size
Result: NOTE
installed size is 7.0Mb
sub-directories of 1Mb or more:
libs 6.5Mb
Flavors: r-devel-linux-x86_64-fedora-clang, r-release-macos-arm64, r-release-macos-x86_64, r-oldrel-macos-arm64, r-oldrel-macos-x86_64